{"id":2016,"date":"2020-08-19T11:35:00","date_gmt":"2020-08-19T04:35:00","guid":{"rendered":"https:\/\/efip.ctu.edu.vn\/web\/?page_id=2016"},"modified":"2025-05-02T21:12:37","modified_gmt":"2025-05-02T14:12:37","slug":"ressources-numeriques-gratuites-partage-de-fichiers","status":"publish","type":"page","link":"https:\/\/efip.ctu.edu.vn\/web\/ressources-numeriques-gratuites-partage-de-fichiers\/","title":{"rendered":"Partage de fichiers"},"content":{"rendered":"\n<p class=\"has-text-align-right\"><em>Ressources num\u00e9riques gratuites : partage de fichiers<\/em><\/p>\n\n\n\n<p>Votre document est trop volumineux et vous ne pouvez l&#8217;envoyer \u00e0 son destinataire ? Pas de probl\u00e8me, voici quelques solutions&#8230;<\/p>\n\n\n\n<hr class=\"wp-block-separator has-text-color has-luminous-vivid-amber-color has-css-opacity has-luminous-vivid-amber-background-color has-background is-style-dots\"\/>\n\n\n\n<figure class=\"wp-block-gallery has-nested-images columns-2 wp-block-gallery-1 is-layout-flex wp-block-gallery-is-layout-flex\">\n<figure class=\"wp-block-image size-thumbnail\"><img decoding=\"async\" width=\"150\" height=\"150\" data-id=\"4313\" src=\"https:\/\/efip.ctu.edu.vn\/web\/wp-content\/uploads\/2025\/05\/OneDrive-150x150.png\" alt=\"\" class=\"wp-image-4313\" srcset=\"https:\/\/efip.ctu.edu.vn\/web\/wp-content\/uploads\/2025\/05\/OneDrive-150x150.png 150w, https:\/\/efip.ctu.edu.vn\/web\/wp-content\/uploads\/2025\/05\/OneDrive-100x100.png 100w, https:\/\/efip.ctu.edu.vn\/web\/wp-content\/uploads\/2025\/05\/OneDrive.png 225w\" sizes=\"(max-width: 150px) 100vw, 150px\" \/><\/figure>\n\n\n\n<figure class=\"wp-block-image size-large\"><img fetchpriority=\"high\" decoding=\"async\" width=\"225\" height=\"225\" data-id=\"4314\" src=\"https:\/\/efip.ctu.edu.vn\/web\/wp-content\/uploads\/2025\/05\/GoogleDrive.png\" alt=\"\" class=\"wp-image-4314\" srcset=\"https:\/\/efip.ctu.edu.vn\/web\/wp-content\/uploads\/2025\/05\/GoogleDrive.png 225w, https:\/\/efip.ctu.edu.vn\/web\/wp-content\/uploads\/2025\/05\/GoogleDrive-150x150.png 150w, https:\/\/efip.ctu.edu.vn\/web\/wp-content\/uploads\/2025\/05\/GoogleDrive-100x100.png 100w\" sizes=\"(max-width: 225px) 100vw, 225px\" \/><\/figure>\n<figcaption class=\"blocks-gallery-caption wp-element-caption\"><em><strong>Service d&#8217;h\u00e9bergement de fichiers en ligne int\u00e9gr\u00e9 \u00e0 votre messagerie \u00e9lectronique<\/strong><\/em><\/figcaption><\/figure>\n\n\n\n<p>Si vous avez une bo\u00eete \u00e9lectronique Gmail ou Outlook alors vous avez acc\u00e8s au Google Drive ou \u00e0 Microsoft One Drive. Ces deux services vous permettent de sauvegarder des fichiers en ligne et de les partager avec les personnes que vous avez choisies. Il suffit en g\u00e9n\u00e9ral de leur envoyer un courriel avec le lien vers le document. \u00c0 vous de choisir auparavant, si cette personne pourra modifier le document ou seulement le t\u00e9l\u00e9charger. <\/p>\n\n\n\n<hr class=\"wp-block-separator has-text-color has-luminous-vivid-amber-color has-css-opacity has-luminous-vivid-amber-background-color has-background is-style-dots\"\/>\n\n\n<div class=\"wp-block-image is-style-default\">\n<figure class=\"aligncenter size-full\"><a href=\"https:\/\/efip.ctu.edu.vn\/web\/wp-content\/uploads\/2025\/05\/DropBox.png\"><img decoding=\"async\" width=\"275\" height=\"183\" src=\"https:\/\/efip.ctu.edu.vn\/web\/wp-content\/uploads\/2025\/05\/DropBox.png\" alt=\"\" class=\"wp-image-4315\"\/><\/a><\/figure><\/div>\n\n\n<h4 class=\"wp-block-heading has-text-align-center\">Service d&#8217;h\u00e9bergement de fichiers en ligne Dropbox : <a href=\"https:\/\/www.dropbox.com\" target=\"_blank\" rel=\"noreferrer noopener\">https:\/\/www.dropbox.com<\/a><\/h4>\n\n\n\n<p>Dropbox vous permet de stocker en ligne des documents et de les partager. Il offre 2 Go de stockage gratuite et propose le service Dropbox Paper qui vous permet de cr\u00e9er et modifier des documents \u00e0 partir de votre compte Dropbox. Vous pouvez gagner plus de stockage en parrainant vos amis : vous recevez 500 Mo de stockage suppl\u00e9mentaire pour chaque ami qui installe Dropbox sur son ordinateur. Une application pour les t\u00e9l\u00e9phones est maintenant disponible.<\/p>\n\n\n\n<hr class=\"wp-block-separator has-text-color has-luminous-vivid-amber-color has-css-opacity has-luminous-vivid-amber-background-color has-background is-style-dots\"\/>\n\n\n<div class=\"wp-block-image is-style-default\">\n<figure class=\"aligncenter size-full is-resized\"><a href=\"https:\/\/efip.ctu.edu.vn\/web\/wp-content\/uploads\/2025\/05\/WeTransfer.png\"><img loading=\"lazy\" decoding=\"async\" width=\"600\" height=\"241\" src=\"https:\/\/efip.ctu.edu.vn\/web\/wp-content\/uploads\/2025\/05\/WeTransfer.png\" alt=\"\" class=\"wp-image-4316\" style=\"width:300px;height:121px\" srcset=\"https:\/\/efip.ctu.edu.vn\/web\/wp-content\/uploads\/2025\/05\/WeTransfer.png 600w, https:\/\/efip.ctu.edu.vn\/web\/wp-content\/uploads\/2025\/05\/WeTransfer-300x121.png 300w\" sizes=\"(max-width: 600px) 100vw, 600px\" \/><\/a><\/figure><\/div>\n\n\n<h4 class=\"wp-block-heading has-text-align-center\">Service de transfert de fichiers We Transfer : <a href=\"https:\/\/wetransfer.com\" target=\"_blank\" rel=\"noreferrer noopener\">https:\/\/wetransfer.com<\/a><\/h4>\n\n\n\n<p>We Transfer propose de transf\u00e9rer un fichier de 2 Go maximum gratuitement \u00e0 3 personnes sans inscription pr\u00e9alable. Si vous d\u00e9cidez de vous inscrire \u00e0 la version gratuite, vous pourrez envoyer votre fichier \u00e0 10 personnes simultan\u00e9ment et sauvegarder une liste de contacts. Dans les deux cas, votre fichier restera disponible pour t\u00e9l\u00e9chargement pendant 7 jours, puis sera automatiquement supprim\u00e9.<\/p>\n\n\n\n<hr class=\"wp-block-separator has-text-color has-luminous-vivid-amber-color has-css-opacity has-luminous-vivid-amber-background-color has-background is-style-dots\"\/>\n\n\n<div class=\"wp-block-image is-style-default\">\n<figure class=\"aligncenter size-full is-resized\"><a href=\"https:\/\/efip.ctu.edu.vn\/web\/wp-content\/uploads\/2025\/05\/Smash.png\"><img loading=\"lazy\" decoding=\"async\" width=\"225\" height=\"225\" src=\"https:\/\/efip.ctu.edu.vn\/web\/wp-content\/uploads\/2025\/05\/Smash.png\" alt=\"\" class=\"wp-image-4317\" style=\"width:169px;height:169px\" srcset=\"https:\/\/efip.ctu.edu.vn\/web\/wp-content\/uploads\/2025\/05\/Smash.png 225w, https:\/\/efip.ctu.edu.vn\/web\/wp-content\/uploads\/2025\/05\/Smash-150x150.png 150w, https:\/\/efip.ctu.edu.vn\/web\/wp-content\/uploads\/2025\/05\/Smash-100x100.png 100w\" sizes=\"(max-width: 225px) 100vw, 225px\" \/><\/a><\/figure><\/div>\n\n\n<h4 class=\"wp-block-heading has-text-align-center\">Service de transfert de fichiers en ligne Smash : <a href=\"https:\/\/fromsmash.com\" target=\"_blank\" rel=\"noreferrer noopener\">https:\/\/fromsmash.com<\/a><\/h4>\n\n\n\n<p>Smash vous permet de transf\u00e9rer gratuitement des fichiers sans condition de taille et sans inscription \u00e0 un destinataire. Notez qu&#8217;au del\u00e0 de 2 Go, votre fichier ne sera pas prioritaire et que l&#8217;envoi pourra prendre un peu de temps. Le transfert restera disponible pendant 14 jours. <\/p>\n\n\n\n<hr class=\"wp-block-separator has-text-color has-luminous-vivid-amber-color has-css-opacity has-luminous-vivid-amber-background-color has-background is-style-dots\"\/>\n\n\n\n<p><em>Pour d\u2019autres ressources num\u00e9riques gratuites :&nbsp;<a href=\"https:\/\/efip.ctu.edu.vn\/web\/outils-numeriques-libres-ou-gratuits\/\" target=\"_blank\" rel=\"noreferrer noopener\">https:\/\/efip.ctu.edu.vn\/web\/outils-numeriques-libres-ou-gratuits\/<\/a><\/em><\/p>\n","protected":false},"excerpt":{"rendered":"<p>Ressources num\u00e9riques gratuites : partage de fichiers Votre document est trop volumineux et vous ne pouvez l&#8217;envoyer \u00e0 son destinataire &hellip; <br \/><a href=\"https:\/\/efip.ctu.edu.vn\/web\/ressources-numeriques-gratuites-partage-de-fichiers\/\" class=\"more-link\">Continue reading <span class=\"screen-reader-text\">Partage de fichiers<\/span><\/a><\/p>\n","protected":false},"author":3,"featured_media":4311,"parent":0,"menu_order":0,"comment_status":"closed","ping_status":"closed","template":"","meta":{"footnotes":""},"class_list":["post-2016","page","type-page","status-publish","has-post-thumbnail","hentry"],"yoast_head":"<!-- This site is optimized with the Yoast SEO plugin v25.0 - https:\/\/yoast.com\/wordpress\/plugins\/seo\/ -->\n<title>Ressources num\u00e9riques gratuites : partage de fichiers - EFIP de Can Tho<\/title>\n<meta name=\"description\" content=\"Ressources num\u00e9riques gratuites Partage de fichiers. Votre document est trop volumineux, voici quelques solutions pour l&#039;envoyer sans souci.\" \/>\n<meta name=\"robots\" content=\"index, follow, max-snippet:-1, max-image-preview:large, max-video-preview:-1\" \/>\n<link rel=\"canonical\" href=\"https:\/\/efip.ctu.edu.vn\/web\/ressources-numeriques-gratuites-partage-de-fichiers\/\" \/>\n<meta property=\"og:locale\" content=\"en_US\" \/>\n<meta property=\"og:type\" content=\"article\" \/>\n<meta property=\"og:title\" content=\"Ressources num\u00e9riques gratuites : partage de fichiers - EFIP de Can Tho\" \/>\n<meta property=\"og:description\" content=\"Ressources num\u00e9riques gratuites Partage de fichiers. Votre document est trop volumineux, voici quelques solutions pour l&#039;envoyer sans souci.\" \/>\n<meta property=\"og:url\" content=\"https:\/\/efip.ctu.edu.vn\/web\/ressources-numeriques-gratuites-partage-de-fichiers\/\" \/>\n<meta property=\"og:site_name\" content=\"EFIP\" \/>\n<meta property=\"article:publisher\" content=\"https:\/\/www.facebook.com\/efipCanTho\" \/>\n<meta property=\"article:modified_time\" content=\"2025-05-02T14:12:37+00:00\" \/>\n<meta property=\"og:image\" content=\"https:\/\/efip.ctu.edu.vn\/web\/wp-content\/uploads\/2020\/08\/annika-gordon-DPW3OKMxPN0-unsplash-scaled.jpg\" \/>\n\t<meta property=\"og:image:width\" content=\"2560\" \/>\n\t<meta property=\"og:image:height\" content=\"1828\" \/>\n\t<meta property=\"og:image:type\" content=\"image\/jpeg\" \/>\n<meta name=\"twitter:card\" content=\"summary_large_image\" \/>\n<meta name=\"twitter:label1\" content=\"Est. reading time\" \/>\n\t<meta name=\"twitter:data1\" content=\"3 minutes\" \/>\n<script type=\"application\/ld+json\" class=\"yoast-schema-graph\">{\"@context\":\"https:\/\/schema.org\",\"@graph\":[{\"@type\":\"WebPage\",\"@id\":\"https:\/\/efip.ctu.edu.vn\/web\/ressources-numeriques-gratuites-partage-de-fichiers\/\",\"url\":\"https:\/\/efip.ctu.edu.vn\/web\/ressources-numeriques-gratuites-partage-de-fichiers\/\",\"name\":\"Ressources num\u00e9riques gratuites : partage de fichiers - EFIP de Can Tho\",\"isPartOf\":{\"@id\":\"https:\/\/efip.ctu.edu.vn\/web\/#website\"},\"primaryImageOfPage\":{\"@id\":\"https:\/\/efip.ctu.edu.vn\/web\/ressources-numeriques-gratuites-partage-de-fichiers\/#primaryimage\"},\"image\":{\"@id\":\"https:\/\/efip.ctu.edu.vn\/web\/ressources-numeriques-gratuites-partage-de-fichiers\/#primaryimage\"},\"thumbnailUrl\":\"https:\/\/efip.ctu.edu.vn\/web\/wp-content\/uploads\/2025\/05\/annika-gordon-DPW3OKMxPN0-unsplash-scaled.jpg\",\"datePublished\":\"2020-08-19T04:35:00+00:00\",\"dateModified\":\"2025-05-02T14:12:37+00:00\",\"description\":\"Ressources num\u00e9riques gratuites Partage de fichiers. Votre document est trop volumineux, voici quelques solutions pour l'envoyer sans souci.\",\"breadcrumb\":{\"@id\":\"https:\/\/efip.ctu.edu.vn\/web\/ressources-numeriques-gratuites-partage-de-fichiers\/#breadcrumb\"},\"inLanguage\":\"en-US\",\"potentialAction\":[{\"@type\":\"ReadAction\",\"target\":[\"https:\/\/efip.ctu.edu.vn\/web\/ressources-numeriques-gratuites-partage-de-fichiers\/\"]}]},{\"@type\":\"ImageObject\",\"inLanguage\":\"en-US\",\"@id\":\"https:\/\/efip.ctu.edu.vn\/web\/ressources-numeriques-gratuites-partage-de-fichiers\/#primaryimage\",\"url\":\"https:\/\/efip.ctu.edu.vn\/web\/wp-content\/uploads\/2025\/05\/annika-gordon-DPW3OKMxPN0-unsplash-scaled.jpg\",\"contentUrl\":\"https:\/\/efip.ctu.edu.vn\/web\/wp-content\/uploads\/2025\/05\/annika-gordon-DPW3OKMxPN0-unsplash-scaled.jpg\",\"width\":2560,\"height\":1828},{\"@type\":\"BreadcrumbList\",\"@id\":\"https:\/\/efip.ctu.edu.vn\/web\/ressources-numeriques-gratuites-partage-de-fichiers\/#breadcrumb\",\"itemListElement\":[{\"@type\":\"ListItem\",\"position\":1,\"name\":\"Accueil\",\"item\":\"https:\/\/efip.ctu.edu.vn\/web\/\"},{\"@type\":\"ListItem\",\"position\":2,\"name\":\"Partage de fichiers\"}]},{\"@type\":\"WebSite\",\"@id\":\"https:\/\/efip.ctu.edu.vn\/web\/#website\",\"url\":\"https:\/\/efip.ctu.edu.vn\/web\/\",\"name\":\"EFIP de Can Tho\",\"description\":\"Espace Francophone d&#039;Innovation et de Partenariat\",\"publisher\":{\"@id\":\"https:\/\/efip.ctu.edu.vn\/web\/#organization\"},\"potentialAction\":[{\"@type\":\"SearchAction\",\"target\":{\"@type\":\"EntryPoint\",\"urlTemplate\":\"https:\/\/efip.ctu.edu.vn\/web\/?s={search_term_string}\"},\"query-input\":{\"@type\":\"PropertyValueSpecification\",\"valueRequired\":true,\"valueName\":\"search_term_string\"}}],\"inLanguage\":\"en-US\"},{\"@type\":\"Organization\",\"@id\":\"https:\/\/efip.ctu.edu.vn\/web\/#organization\",\"name\":\"EFIP\",\"url\":\"https:\/\/efip.ctu.edu.vn\/web\/\",\"logo\":{\"@type\":\"ImageObject\",\"inLanguage\":\"en-US\",\"@id\":\"https:\/\/efip.ctu.edu.vn\/web\/#\/schema\/logo\/image\/\",\"url\":\"https:\/\/efip.ctu.edu.vn\/web\/wp-content\/uploads\/2025\/05\/efip2-150x89-1.jpg\",\"contentUrl\":\"https:\/\/efip.ctu.edu.vn\/web\/wp-content\/uploads\/2025\/05\/efip2-150x89-1.jpg\",\"width\":150,\"height\":89,\"caption\":\"EFIP\"},\"image\":{\"@id\":\"https:\/\/efip.ctu.edu.vn\/web\/#\/schema\/logo\/image\/\"},\"sameAs\":[\"https:\/\/www.facebook.com\/efipCanTho\"]}]}<\/script>\n<!-- \/ Yoast SEO plugin. -->","yoast_head_json":{"title":"Ressources num\u00e9riques gratuites : partage de fichiers - EFIP de Can Tho","description":"Ressources num\u00e9riques gratuites Partage de fichiers. Votre document est trop volumineux, voici quelques solutions pour l'envoyer sans souci.","robots":{"index":"index","follow":"follow","max-snippet":"max-snippet:-1","max-image-preview":"max-image-preview:large","max-video-preview":"max-video-preview:-1"},"canonical":"https:\/\/efip.ctu.edu.vn\/web\/ressources-numeriques-gratuites-partage-de-fichiers\/","og_locale":"en_US","og_type":"article","og_title":"Ressources num\u00e9riques gratuites : partage de fichiers - EFIP de Can Tho","og_description":"Ressources num\u00e9riques gratuites Partage de fichiers. Votre document est trop volumineux, voici quelques solutions pour l'envoyer sans souci.","og_url":"https:\/\/efip.ctu.edu.vn\/web\/ressources-numeriques-gratuites-partage-de-fichiers\/","og_site_name":"EFIP","article_publisher":"https:\/\/www.facebook.com\/efipCanTho","article_modified_time":"2025-05-02T14:12:37+00:00","og_image":[{"width":2560,"height":1828,"url":"https:\/\/efip.ctu.edu.vn\/web\/wp-content\/uploads\/2020\/08\/annika-gordon-DPW3OKMxPN0-unsplash-scaled.jpg","type":"image\/jpeg"}],"twitter_card":"summary_large_image","twitter_misc":{"Est. reading time":"3 minutes"},"schema":{"@context":"https:\/\/schema.org","@graph":[{"@type":"WebPage","@id":"https:\/\/efip.ctu.edu.vn\/web\/ressources-numeriques-gratuites-partage-de-fichiers\/","url":"https:\/\/efip.ctu.edu.vn\/web\/ressources-numeriques-gratuites-partage-de-fichiers\/","name":"Ressources num\u00e9riques gratuites : partage de fichiers - EFIP de Can Tho","isPartOf":{"@id":"https:\/\/efip.ctu.edu.vn\/web\/#website"},"primaryImageOfPage":{"@id":"https:\/\/efip.ctu.edu.vn\/web\/ressources-numeriques-gratuites-partage-de-fichiers\/#primaryimage"},"image":{"@id":"https:\/\/efip.ctu.edu.vn\/web\/ressources-numeriques-gratuites-partage-de-fichiers\/#primaryimage"},"thumbnailUrl":"https:\/\/efip.ctu.edu.vn\/web\/wp-content\/uploads\/2025\/05\/annika-gordon-DPW3OKMxPN0-unsplash-scaled.jpg","datePublished":"2020-08-19T04:35:00+00:00","dateModified":"2025-05-02T14:12:37+00:00","description":"Ressources num\u00e9riques gratuites Partage de fichiers. Votre document est trop volumineux, voici quelques solutions pour l'envoyer sans souci.","breadcrumb":{"@id":"https:\/\/efip.ctu.edu.vn\/web\/ressources-numeriques-gratuites-partage-de-fichiers\/#breadcrumb"},"inLanguage":"en-US","potentialAction":[{"@type":"ReadAction","target":["https:\/\/efip.ctu.edu.vn\/web\/ressources-numeriques-gratuites-partage-de-fichiers\/"]}]},{"@type":"ImageObject","inLanguage":"en-US","@id":"https:\/\/efip.ctu.edu.vn\/web\/ressources-numeriques-gratuites-partage-de-fichiers\/#primaryimage","url":"https:\/\/efip.ctu.edu.vn\/web\/wp-content\/uploads\/2025\/05\/annika-gordon-DPW3OKMxPN0-unsplash-scaled.jpg","contentUrl":"https:\/\/efip.ctu.edu.vn\/web\/wp-content\/uploads\/2025\/05\/annika-gordon-DPW3OKMxPN0-unsplash-scaled.jpg","width":2560,"height":1828},{"@type":"BreadcrumbList","@id":"https:\/\/efip.ctu.edu.vn\/web\/ressources-numeriques-gratuites-partage-de-fichiers\/#breadcrumb","itemListElement":[{"@type":"ListItem","position":1,"name":"Accueil","item":"https:\/\/efip.ctu.edu.vn\/web\/"},{"@type":"ListItem","position":2,"name":"Partage de fichiers"}]},{"@type":"WebSite","@id":"https:\/\/efip.ctu.edu.vn\/web\/#website","url":"https:\/\/efip.ctu.edu.vn\/web\/","name":"EFIP de Can Tho","description":"Espace Francophone d&#039;Innovation et de Partenariat","publisher":{"@id":"https:\/\/efip.ctu.edu.vn\/web\/#organization"},"potentialAction":[{"@type":"SearchAction","target":{"@type":"EntryPoint","urlTemplate":"https:\/\/efip.ctu.edu.vn\/web\/?s={search_term_string}"},"query-input":{"@type":"PropertyValueSpecification","valueRequired":true,"valueName":"search_term_string"}}],"inLanguage":"en-US"},{"@type":"Organization","@id":"https:\/\/efip.ctu.edu.vn\/web\/#organization","name":"EFIP","url":"https:\/\/efip.ctu.edu.vn\/web\/","logo":{"@type":"ImageObject","inLanguage":"en-US","@id":"https:\/\/efip.ctu.edu.vn\/web\/#\/schema\/logo\/image\/","url":"https:\/\/efip.ctu.edu.vn\/web\/wp-content\/uploads\/2025\/05\/efip2-150x89-1.jpg","contentUrl":"https:\/\/efip.ctu.edu.vn\/web\/wp-content\/uploads\/2025\/05\/efip2-150x89-1.jpg","width":150,"height":89,"caption":"EFIP"},"image":{"@id":"https:\/\/efip.ctu.edu.vn\/web\/#\/schema\/logo\/image\/"},"sameAs":["https:\/\/www.facebook.com\/efipCanTho"]}]}},"_links":{"self":[{"href":"https:\/\/efip.ctu.edu.vn\/web\/wp-json\/wp\/v2\/pages\/2016","targetHints":{"allow":["GET"]}}],"collection":[{"href":"https:\/\/efip.ctu.edu.vn\/web\/wp-json\/wp\/v2\/pages"}],"about":[{"href":"https:\/\/efip.ctu.edu.vn\/web\/wp-json\/wp\/v2\/types\/page"}],"author":[{"embeddable":true,"href":"https:\/\/efip.ctu.edu.vn\/web\/wp-json\/wp\/v2\/users\/3"}],"replies":[{"embeddable":true,"href":"https:\/\/efip.ctu.edu.vn\/web\/wp-json\/wp\/v2\/comments?post=2016"}],"version-history":[{"count":10,"href":"https:\/\/efip.ctu.edu.vn\/web\/wp-json\/wp\/v2\/pages\/2016\/revisions"}],"predecessor-version":[{"id":4319,"href":"https:\/\/efip.ctu.edu.vn\/web\/wp-json\/wp\/v2\/pages\/2016\/revisions\/4319"}],"wp:featuredmedia":[{"embeddable":true,"href":"https:\/\/efip.ctu.edu.vn\/web\/wp-json\/wp\/v2\/media\/4311"}],"wp:attachment":[{"href":"https:\/\/efip.ctu.edu.vn\/web\/wp-json\/wp\/v2\/media?parent=2016"}],"curies":[{"name":"wp","href":"https:\/\/api.w.org\/{rel}","templated":true}]}}