{"id":1994,"date":"2020-08-19T11:37:35","date_gmt":"2020-08-19T04:37:35","guid":{"rendered":"https:\/\/efip.ctu.edu.vn\/web\/?page_id=1994"},"modified":"2025-05-02T20:46:01","modified_gmt":"2025-05-02T13:46:01","slug":"ressources-numeriques-gratuites-divers","status":"publish","type":"page","link":"https:\/\/efip.ctu.edu.vn\/web\/ressources-numeriques-gratuites-divers\/","title":{"rendered":"Divers"},"content":{"rendered":"\n<p class=\"has-text-align-right\"><em>Ressources num\u00e9riques gratuites : Divers<\/em><\/p>\n\n\n\n<p><em>Vous trouverez dans cette rubrique les outils num\u00e9riques gratuits qui n&#8217;ont pu \u00eatre class\u00e9s dans les autres cat\u00e9gories.<\/em><\/p>\n\n\n\n<hr class=\"wp-block-separator has-text-color has-luminous-vivid-amber-color has-css-opacity has-luminous-vivid-amber-background-color has-background is-style-dots\"\/>\n\n\n\n<p><\/p>\n\n\n<div class=\"wp-block-image\">\n<figure class=\"aligncenter size-full\"><a href=\"https:\/\/efip.ctu.edu.vn\/web\/wp-content\/uploads\/2025\/05\/Amara.png\"><img fetchpriority=\"high\" decoding=\"async\" width=\"525\" height=\"149\" src=\"https:\/\/efip.ctu.edu.vn\/web\/wp-content\/uploads\/2025\/05\/Amara.png\" alt=\"\" class=\"wp-image-4259\" srcset=\"https:\/\/efip.ctu.edu.vn\/web\/wp-content\/uploads\/2025\/05\/Amara.png 525w, https:\/\/efip.ctu.edu.vn\/web\/wp-content\/uploads\/2025\/05\/Amara-300x85.png 300w\" sizes=\"(max-width: 525px) 100vw, 525px\" \/><\/a><\/figure><\/div>\n\n\n<h4 class=\"wp-block-heading has-text-align-center\">Application en ligne de sous-titrages : <a href=\"https:\/\/amara.org\/fr\/\" target=\"_blank\" rel=\"noreferrer noopener\">https:\/\/amara.org\/fr\/<\/a><\/h4>\n\n\n\n<p>Vous voulez sous-titrer une vid\u00e9o que vous avez trouv\u00e9e sur YouTube, Vim\u00e9o ou sur un autre site Internet ? Amara vous permet de la sous-titrer vous-m\u00eame dans la langue de votre choix. Il suffit de cr\u00e9er un compte gratuit et d&#8217;avoir le lien vers la vid\u00e9o. En plus, sur l&#8217;espace de travail public d&#8217;Amara, vous pourrez sans doute trouver une vid\u00e9o sous-titr\u00e9e qui vous sera utile !<\/p>\n\n\n\n<hr class=\"wp-block-separator has-text-color has-white-color has-css-opacity has-white-background-color has-background is-style-dots\"\/>\n\n\n<div class=\"wp-block-image is-style-default\">\n<figure class=\"aligncenter size-medium\"><a href=\"https:\/\/efip.ctu.edu.vn\/web\/wp-content\/uploads\/2025\/05\/DoUmind.png\"><img decoding=\"async\" width=\"300\" height=\"118\" src=\"https:\/\/efip.ctu.edu.vn\/web\/wp-content\/uploads\/2025\/05\/DoUmind-300x118.png\" alt=\"\" class=\"wp-image-4260\" srcset=\"https:\/\/efip.ctu.edu.vn\/web\/wp-content\/uploads\/2025\/05\/DoUmind-300x118.png 300w, https:\/\/efip.ctu.edu.vn\/web\/wp-content\/uploads\/2025\/05\/DoUmind-768x303.png 768w, https:\/\/efip.ctu.edu.vn\/web\/wp-content\/uploads\/2025\/05\/DoUmind.png 990w\" sizes=\"(max-width: 300px) 100vw, 300px\" \/><\/a><\/figure><\/div>\n\n\n<h4 class=\"wp-block-heading has-text-align-center\"><strong>Application de reconnaissance et de design de cartes mentales : <a href=\"https:\/\/fr.doumind-app.com\" target=\"_blank\" rel=\"noreferrer noopener\">https:\/\/fr.doumind-app.com<\/a><\/strong><\/h4>\n\n\n\n<p>Cette application vous permet de transformer en fichier \u00e9ditable une carte mentale faite \u00e0 la main. Elle n&#8217;est pour le moment disponible que sous Android mais une version iOS est en cours de d\u00e9veloppement.<\/p>\n\n\n\n<hr class=\"wp-block-separator has-text-color has-luminous-vivid-amber-color has-css-opacity has-luminous-vivid-amber-background-color has-background is-style-dots\"\/>\n\n\n<div class=\"wp-block-image is-resized is-style-default\">\n<figure class=\"aligncenter size-medium\"><a href=\"https:\/\/efip.ctu.edu.vn\/web\/wp-content\/uploads\/2025\/05\/DynamicPaper.png\"><img decoding=\"async\" width=\"300\" height=\"187\" src=\"https:\/\/efip.ctu.edu.vn\/web\/wp-content\/uploads\/2025\/05\/DynamicPaper-300x187.png\" alt=\"\" class=\"wp-image-4262\" srcset=\"https:\/\/efip.ctu.edu.vn\/web\/wp-content\/uploads\/2025\/05\/DynamicPaper-300x187.png 300w, https:\/\/efip.ctu.edu.vn\/web\/wp-content\/uploads\/2025\/05\/DynamicPaper-768x479.png 768w, https:\/\/efip.ctu.edu.vn\/web\/wp-content\/uploads\/2025\/05\/DynamicPaper.png 959w\" sizes=\"(max-width: 300px) 100vw, 300px\" \/><\/a><\/figure><\/div>\n\n\n<h4 class=\"wp-block-heading has-text-align-center\"><strong>Logiciel de cr\u00e9ation de patrons de solides Dynamic Paper<\/strong> : <a href=\"https:\/\/illuminations.nctm.org\/tools\/mathresources\/NCTM_DynamicPaper.html\" target=\"_blank\" rel=\"noreferrer noopener\">https:\/\/illuminations.nctm.org\/tools\/mathresources\/NCTM_DynamicPaper.html<\/a><\/h4>\n\n\n\n<p>Dynamic Paper est un outil en ligne qui vous permet de cr\u00e9er des \u00ab&nbsp;patrons&nbsp;\u00bb de solides, des graphiques, etc. Le tout exportable en PDF ou en JPG. Vous pouvez \u00e9galement ajouter des consignes, des notes, des explications, des l\u00e9gendes\u2026<\/p>\n\n\n\n<hr class=\"wp-block-separator has-text-color has-luminous-vivid-amber-color has-css-opacity has-luminous-vivid-amber-background-color has-background is-style-dots\"\/>\n\n\n<div class=\"wp-block-image\">\n<figure class=\"aligncenter size-full\"><a href=\"https:\/\/efip.ctu.edu.vn\/web\/wp-content\/uploads\/2025\/05\/EasySub.png\"><img loading=\"lazy\" decoding=\"async\" width=\"138\" height=\"40\" src=\"https:\/\/efip.ctu.edu.vn\/web\/wp-content\/uploads\/2025\/05\/EasySub.png\" alt=\"\" class=\"wp-image-4263\"\/><\/a><\/figure><\/div>\n\n\n<h4 class=\"wp-block-heading has-text-align-right\">\u00c9diteur vid\u00e9o en ligne EasySub : <a href=\"https:\/\/easyssub.com\/fr\/\" target=\"_blank\" rel=\"noreferrer noopener\">https:\/\/easyssub.com\/fr\/<\/a><\/h4>\n\n\n\n<p>EasySub est un outil en ligne qui vous permet de t\u00e9l\u00e9charger une vid\u00e9o se trouvant sur Internet, de l&#8217;\u00e9diter et d&#8217;ajouter des sous-titres automatiquement en transcrivant l&#8217;audio. La version gratuite vous permet la transcription automatique des 15 premi\u00e8res minutes de la vid\u00e9o et la traduction en 150 langues. Il est aussi possible de t\u00e9l\u00e9charger les fichiers srt quand vous avez termin\u00e9 les sous-titres. Le stockage est illimit\u00e9 mais l&#8217;exportation est payante.<\/p>\n\n\n\n<hr class=\"wp-block-separator has-text-color has-luminous-vivid-amber-color has-css-opacity has-luminous-vivid-amber-background-color has-background is-style-dots\"\/>\n\n\n\n<h4 class=\"wp-block-heading has-text-align-center\"><\/h4>\n\n\n<div class=\"wp-block-image is-resized\">\n<figure class=\"aligncenter size-medium\"><a href=\"https:\/\/efip.ctu.edu.vn\/web\/wp-content\/uploads\/2025\/05\/Recordcast.png\"><img loading=\"lazy\" decoding=\"async\" width=\"300\" height=\"117\" src=\"https:\/\/efip.ctu.edu.vn\/web\/wp-content\/uploads\/2025\/05\/Recordcast-300x117.png\" alt=\"\" class=\"wp-image-4264\" srcset=\"https:\/\/efip.ctu.edu.vn\/web\/wp-content\/uploads\/2025\/05\/Recordcast-300x117.png 300w, https:\/\/efip.ctu.edu.vn\/web\/wp-content\/uploads\/2025\/05\/Recordcast-1024x398.png 1024w, https:\/\/efip.ctu.edu.vn\/web\/wp-content\/uploads\/2025\/05\/Recordcast-768x298.png 768w, https:\/\/efip.ctu.edu.vn\/web\/wp-content\/uploads\/2025\/05\/Recordcast.png 1377w\" sizes=\"(max-width: 300px) 100vw, 300px\" \/><\/a><\/figure><\/div>\n\n\n<h4 class=\"wp-block-heading has-text-align-center\"><strong>Enregistreur d&#8217;\u00e9cran Recordcast : <a href=\"https:\/\/www.recordcast.com\" target=\"_blank\" rel=\"noreferrer noopener\">https:\/\/www.recordcast.com<\/a><\/strong><\/h4>\n\n\n\n<p>RecordCast est un site qui vous permet d&#8217;enregistrer l&#8217;\u00e9cran de votre ordinateur. Vous pouvez choisir d&#8217;enregistrer votre \u00e9cran complet ou bien seulement la fen\u00eatre d&#8217;une application, un onglet de votre navigateur&#8230; ainsi que le son (\u00e0 partir du micro int\u00e9gr\u00e9 dans votre ordinateur, d&#8217;un microphone, ou pas de son).<\/p>\n\n\n\n<p>Vraiment tr\u00e8s pratique pour faire un tutoriel vid\u00e9o ou enregistrer votre cours en visioconf\u00e9rence !<\/p>\n\n\n\n<hr class=\"wp-block-separator has-text-color has-luminous-vivid-amber-color has-css-opacity has-luminous-vivid-amber-background-color has-background is-style-dots\"\/>\n\n\n<div class=\"wp-block-image is-resized\">\n<figure class=\"aligncenter size-medium\"><a href=\"https:\/\/efip.ctu.edu.vn\/web\/wp-content\/uploads\/2025\/05\/SpeakPipe.png\"><img loading=\"lazy\" decoding=\"async\" width=\"300\" height=\"188\" src=\"https:\/\/efip.ctu.edu.vn\/web\/wp-content\/uploads\/2025\/05\/SpeakPipe-300x188.png\" alt=\"\" class=\"wp-image-4265\" srcset=\"https:\/\/efip.ctu.edu.vn\/web\/wp-content\/uploads\/2025\/05\/SpeakPipe-300x188.png 300w, https:\/\/efip.ctu.edu.vn\/web\/wp-content\/uploads\/2025\/05\/SpeakPipe.png 575w\" sizes=\"(max-width: 300px) 100vw, 300px\" \/><\/a><\/figure><\/div>\n\n\n<h4 class=\"wp-block-heading has-text-align-center\">Enregistreur en ligne SpeakPipe : <a href=\"https:\/\/www.speakpipe.com\/voice-recorder\" target=\"_blank\" rel=\"noreferrer noopener\">https:\/\/www.speakpipe.com\/voice-recorder<\/a><\/h4>\n\n\n\n<p>Vous voulez enregistrer un message et l&#8217;envoyer \u00e0 un ami rapidement sans vous inqui\u00e9ter de sa taille et sans encombrer votre bo\u00eete m\u00e9l. Pas de probl\u00e8me, il y a SpeakPipe. Allez sur le site, enregistrez votre message de moins de 5 minutes, puis sauvegardez-le sur leur serveur en lui donnant un nom. Puis envoyez le lien g\u00e9n\u00e9r\u00e9 \u00e0 votre ami. Il pourra alors y acc\u00e9der et \u00e9couter votre enregistrement ! Facile, non ? <\/p>\n\n\n\n<hr class=\"wp-block-separator has-text-color has-luminous-vivid-amber-color has-css-opacity has-luminous-vivid-amber-background-color has-background is-style-dots\"\/>\n\n\n<div class=\"wp-block-image\">\n<figure class=\"aligncenter size-full is-resized\"><a href=\"https:\/\/efip.ctu.edu.vn\/web\/wp-content\/uploads\/2025\/05\/WooclapLogo.jpeg\"><img loading=\"lazy\" decoding=\"async\" width=\"474\" height=\"106\" src=\"https:\/\/efip.ctu.edu.vn\/web\/wp-content\/uploads\/2025\/05\/WooclapLogo.jpeg\" alt=\"\" class=\"wp-image-4266\" style=\"width:474px;height:auto\" srcset=\"https:\/\/efip.ctu.edu.vn\/web\/wp-content\/uploads\/2025\/05\/WooclapLogo.jpeg 474w, https:\/\/efip.ctu.edu.vn\/web\/wp-content\/uploads\/2025\/05\/WooclapLogo-300x67.jpeg 300w\" sizes=\"(max-width: 474px) 100vw, 474px\" \/><\/a><\/figure><\/div>\n\n\n<h4 class=\"wp-block-heading has-text-align-center\">Cr\u00e9ateur de nuages de mots collaboratifs Wooclap :<\/h4>\n\n\n\n<h4 class=\"wp-block-heading has-text-align-center\"> <a href=\"https:\/\/www.wooclap.com\/fr\/nuage-de-mots-collaboratif\/\" target=\"_blank\" rel=\"noreferrer noopener\">https:\/\/www.wooclap.com\/fr\/nuage-de-mots-collaboratif\/<\/a><\/h4>\n\n\n\n<p>Avec la version gratuite, vous pouvez cr\u00e9er 2 questions accessibles \u00e0 1 000 participants en temps r\u00e9el. Sympa pour faire des remues-m\u00e9ninges lors de visio-conf\u00e9rences !<\/p>\n\n\n\n<hr class=\"wp-block-separator has-alpha-channel-opacity is-style-dots\"\/>\n\n\n\n<p><em>Pour d\u2019autres ressources num\u00e9riques gratuites :&nbsp;<a href=\"https:\/\/efip.ctu.edu.vn\/web\/outils-numeriques-libres-ou-gratuits\/\" target=\"_blank\" rel=\"noreferrer noopener\">https:\/\/efip.ctu.edu.vn\/web\/outils-numeriques-libres-ou-gratuits\/<\/a><\/em><\/p>\n","protected":false},"excerpt":{"rendered":"<p>Ressources num\u00e9riques gratuites : Divers Vous trouverez dans cette rubrique les outils num\u00e9riques gratuits qui n&#8217;ont pu \u00eatre class\u00e9s dans &hellip; <br \/><a href=\"https:\/\/efip.ctu.edu.vn\/web\/ressources-numeriques-gratuites-divers\/\" class=\"more-link\">Continue reading <span class=\"screen-reader-text\">Divers<\/span><\/a><\/p>\n","protected":false},"author":3,"featured_media":4267,"parent":0,"menu_order":0,"comment_status":"closed","ping_status":"closed","template":"","meta":{"footnotes":""},"class_list":["post-1994","page","type-page","status-publish","has-post-thumbnail","hentry"],"yoast_head":"<!-- This site is optimized with the Yoast SEO plugin v25.0 - https:\/\/yoast.com\/wordpress\/plugins\/seo\/ -->\n<title>Ressources num\u00e9riques gratuites : Divers - EFIP de Can Tho<\/title>\n<meta name=\"description\" content=\"Ressources num\u00e9riques gratuites : Divers. Vous retrouverez dans cette rubrique les outils num\u00e9riques qui n&#039;ont pu \u00eatre class\u00e9s ailleurs.\" \/>\n<meta name=\"robots\" content=\"index, follow, max-snippet:-1, max-image-preview:large, max-video-preview:-1\" \/>\n<link rel=\"canonical\" href=\"https:\/\/efip.ctu.edu.vn\/web\/ressources-numeriques-gratuites-divers\/\" \/>\n<meta property=\"og:locale\" content=\"en_US\" \/>\n<meta property=\"og:type\" content=\"article\" \/>\n<meta property=\"og:title\" content=\"Ressources num\u00e9riques gratuites : Divers - EFIP de Can Tho\" \/>\n<meta property=\"og:description\" content=\"Ressources num\u00e9riques gratuites : Divers. Vous retrouverez dans cette rubrique les outils num\u00e9riques qui n&#039;ont pu \u00eatre class\u00e9s ailleurs.\" \/>\n<meta property=\"og:url\" content=\"https:\/\/efip.ctu.edu.vn\/web\/ressources-numeriques-gratuites-divers\/\" \/>\n<meta property=\"og:site_name\" content=\"EFIP\" \/>\n<meta property=\"article:publisher\" content=\"https:\/\/www.facebook.com\/efipCanTho\" \/>\n<meta property=\"article:modified_time\" content=\"2025-05-02T13:46:01+00:00\" \/>\n<meta property=\"og:image\" content=\"https:\/\/efip.ctu.edu.vn\/web\/wp-content\/uploads\/2020\/08\/jennifer-harris-aIoDKGrQ2PE-unsplash-scaled.jpg\" \/>\n\t<meta property=\"og:image:width\" content=\"2560\" \/>\n\t<meta property=\"og:image:height\" content=\"1707\" \/>\n\t<meta property=\"og:image:type\" content=\"image\/jpeg\" \/>\n<meta name=\"twitter:card\" content=\"summary_large_image\" \/>\n<meta name=\"twitter:label1\" content=\"Est. reading time\" \/>\n\t<meta name=\"twitter:data1\" content=\"5 minutes\" \/>\n<script type=\"application\/ld+json\" class=\"yoast-schema-graph\">{\"@context\":\"https:\/\/schema.org\",\"@graph\":[{\"@type\":\"WebPage\",\"@id\":\"https:\/\/efip.ctu.edu.vn\/web\/ressources-numeriques-gratuites-divers\/\",\"url\":\"https:\/\/efip.ctu.edu.vn\/web\/ressources-numeriques-gratuites-divers\/\",\"name\":\"Ressources num\u00e9riques gratuites : Divers - EFIP de Can Tho\",\"isPartOf\":{\"@id\":\"https:\/\/efip.ctu.edu.vn\/web\/#website\"},\"primaryImageOfPage\":{\"@id\":\"https:\/\/efip.ctu.edu.vn\/web\/ressources-numeriques-gratuites-divers\/#primaryimage\"},\"image\":{\"@id\":\"https:\/\/efip.ctu.edu.vn\/web\/ressources-numeriques-gratuites-divers\/#primaryimage\"},\"thumbnailUrl\":\"https:\/\/efip.ctu.edu.vn\/web\/wp-content\/uploads\/2025\/05\/jennifer-harris-aIoDKGrQ2PE-unsplash-scaled.jpg\",\"datePublished\":\"2020-08-19T04:37:35+00:00\",\"dateModified\":\"2025-05-02T13:46:01+00:00\",\"description\":\"Ressources num\u00e9riques gratuites : Divers. Vous retrouverez dans cette rubrique les outils num\u00e9riques qui n'ont pu \u00eatre class\u00e9s ailleurs.\",\"breadcrumb\":{\"@id\":\"https:\/\/efip.ctu.edu.vn\/web\/ressources-numeriques-gratuites-divers\/#breadcrumb\"},\"inLanguage\":\"en-US\",\"potentialAction\":[{\"@type\":\"ReadAction\",\"target\":[\"https:\/\/efip.ctu.edu.vn\/web\/ressources-numeriques-gratuites-divers\/\"]}]},{\"@type\":\"ImageObject\",\"inLanguage\":\"en-US\",\"@id\":\"https:\/\/efip.ctu.edu.vn\/web\/ressources-numeriques-gratuites-divers\/#primaryimage\",\"url\":\"https:\/\/efip.ctu.edu.vn\/web\/wp-content\/uploads\/2025\/05\/jennifer-harris-aIoDKGrQ2PE-unsplash-scaled.jpg\",\"contentUrl\":\"https:\/\/efip.ctu.edu.vn\/web\/wp-content\/uploads\/2025\/05\/jennifer-harris-aIoDKGrQ2PE-unsplash-scaled.jpg\",\"width\":2560,\"height\":1707},{\"@type\":\"BreadcrumbList\",\"@id\":\"https:\/\/efip.ctu.edu.vn\/web\/ressources-numeriques-gratuites-divers\/#breadcrumb\",\"itemListElement\":[{\"@type\":\"ListItem\",\"position\":1,\"name\":\"Accueil\",\"item\":\"https:\/\/efip.ctu.edu.vn\/web\/\"},{\"@type\":\"ListItem\",\"position\":2,\"name\":\"Divers\"}]},{\"@type\":\"WebSite\",\"@id\":\"https:\/\/efip.ctu.edu.vn\/web\/#website\",\"url\":\"https:\/\/efip.ctu.edu.vn\/web\/\",\"name\":\"EFIP de Can Tho\",\"description\":\"Espace Francophone d&#039;Innovation et de Partenariat\",\"publisher\":{\"@id\":\"https:\/\/efip.ctu.edu.vn\/web\/#organization\"},\"potentialAction\":[{\"@type\":\"SearchAction\",\"target\":{\"@type\":\"EntryPoint\",\"urlTemplate\":\"https:\/\/efip.ctu.edu.vn\/web\/?s={search_term_string}\"},\"query-input\":{\"@type\":\"PropertyValueSpecification\",\"valueRequired\":true,\"valueName\":\"search_term_string\"}}],\"inLanguage\":\"en-US\"},{\"@type\":\"Organization\",\"@id\":\"https:\/\/efip.ctu.edu.vn\/web\/#organization\",\"name\":\"EFIP\",\"url\":\"https:\/\/efip.ctu.edu.vn\/web\/\",\"logo\":{\"@type\":\"ImageObject\",\"inLanguage\":\"en-US\",\"@id\":\"https:\/\/efip.ctu.edu.vn\/web\/#\/schema\/logo\/image\/\",\"url\":\"https:\/\/efip.ctu.edu.vn\/web\/wp-content\/uploads\/2025\/05\/efip2-150x89-1.jpg\",\"contentUrl\":\"https:\/\/efip.ctu.edu.vn\/web\/wp-content\/uploads\/2025\/05\/efip2-150x89-1.jpg\",\"width\":150,\"height\":89,\"caption\":\"EFIP\"},\"image\":{\"@id\":\"https:\/\/efip.ctu.edu.vn\/web\/#\/schema\/logo\/image\/\"},\"sameAs\":[\"https:\/\/www.facebook.com\/efipCanTho\"]}]}<\/script>\n<!-- \/ Yoast SEO plugin. -->","yoast_head_json":{"title":"Ressources num\u00e9riques gratuites : Divers - EFIP de Can Tho","description":"Ressources num\u00e9riques gratuites : Divers. Vous retrouverez dans cette rubrique les outils num\u00e9riques qui n'ont pu \u00eatre class\u00e9s ailleurs.","robots":{"index":"index","follow":"follow","max-snippet":"max-snippet:-1","max-image-preview":"max-image-preview:large","max-video-preview":"max-video-preview:-1"},"canonical":"https:\/\/efip.ctu.edu.vn\/web\/ressources-numeriques-gratuites-divers\/","og_locale":"en_US","og_type":"article","og_title":"Ressources num\u00e9riques gratuites : Divers - EFIP de Can Tho","og_description":"Ressources num\u00e9riques gratuites : Divers. Vous retrouverez dans cette rubrique les outils num\u00e9riques qui n'ont pu \u00eatre class\u00e9s ailleurs.","og_url":"https:\/\/efip.ctu.edu.vn\/web\/ressources-numeriques-gratuites-divers\/","og_site_name":"EFIP","article_publisher":"https:\/\/www.facebook.com\/efipCanTho","article_modified_time":"2025-05-02T13:46:01+00:00","og_image":[{"width":2560,"height":1707,"url":"https:\/\/efip.ctu.edu.vn\/web\/wp-content\/uploads\/2020\/08\/jennifer-harris-aIoDKGrQ2PE-unsplash-scaled.jpg","type":"image\/jpeg"}],"twitter_card":"summary_large_image","twitter_misc":{"Est. reading time":"5 minutes"},"schema":{"@context":"https:\/\/schema.org","@graph":[{"@type":"WebPage","@id":"https:\/\/efip.ctu.edu.vn\/web\/ressources-numeriques-gratuites-divers\/","url":"https:\/\/efip.ctu.edu.vn\/web\/ressources-numeriques-gratuites-divers\/","name":"Ressources num\u00e9riques gratuites : Divers - EFIP de Can Tho","isPartOf":{"@id":"https:\/\/efip.ctu.edu.vn\/web\/#website"},"primaryImageOfPage":{"@id":"https:\/\/efip.ctu.edu.vn\/web\/ressources-numeriques-gratuites-divers\/#primaryimage"},"image":{"@id":"https:\/\/efip.ctu.edu.vn\/web\/ressources-numeriques-gratuites-divers\/#primaryimage"},"thumbnailUrl":"https:\/\/efip.ctu.edu.vn\/web\/wp-content\/uploads\/2025\/05\/jennifer-harris-aIoDKGrQ2PE-unsplash-scaled.jpg","datePublished":"2020-08-19T04:37:35+00:00","dateModified":"2025-05-02T13:46:01+00:00","description":"Ressources num\u00e9riques gratuites : Divers. Vous retrouverez dans cette rubrique les outils num\u00e9riques qui n'ont pu \u00eatre class\u00e9s ailleurs.","breadcrumb":{"@id":"https:\/\/efip.ctu.edu.vn\/web\/ressources-numeriques-gratuites-divers\/#breadcrumb"},"inLanguage":"en-US","potentialAction":[{"@type":"ReadAction","target":["https:\/\/efip.ctu.edu.vn\/web\/ressources-numeriques-gratuites-divers\/"]}]},{"@type":"ImageObject","inLanguage":"en-US","@id":"https:\/\/efip.ctu.edu.vn\/web\/ressources-numeriques-gratuites-divers\/#primaryimage","url":"https:\/\/efip.ctu.edu.vn\/web\/wp-content\/uploads\/2025\/05\/jennifer-harris-aIoDKGrQ2PE-unsplash-scaled.jpg","contentUrl":"https:\/\/efip.ctu.edu.vn\/web\/wp-content\/uploads\/2025\/05\/jennifer-harris-aIoDKGrQ2PE-unsplash-scaled.jpg","width":2560,"height":1707},{"@type":"BreadcrumbList","@id":"https:\/\/efip.ctu.edu.vn\/web\/ressources-numeriques-gratuites-divers\/#breadcrumb","itemListElement":[{"@type":"ListItem","position":1,"name":"Accueil","item":"https:\/\/efip.ctu.edu.vn\/web\/"},{"@type":"ListItem","position":2,"name":"Divers"}]},{"@type":"WebSite","@id":"https:\/\/efip.ctu.edu.vn\/web\/#website","url":"https:\/\/efip.ctu.edu.vn\/web\/","name":"EFIP de Can Tho","description":"Espace Francophone d&#039;Innovation et de Partenariat","publisher":{"@id":"https:\/\/efip.ctu.edu.vn\/web\/#organization"},"potentialAction":[{"@type":"SearchAction","target":{"@type":"EntryPoint","urlTemplate":"https:\/\/efip.ctu.edu.vn\/web\/?s={search_term_string}"},"query-input":{"@type":"PropertyValueSpecification","valueRequired":true,"valueName":"search_term_string"}}],"inLanguage":"en-US"},{"@type":"Organization","@id":"https:\/\/efip.ctu.edu.vn\/web\/#organization","name":"EFIP","url":"https:\/\/efip.ctu.edu.vn\/web\/","logo":{"@type":"ImageObject","inLanguage":"en-US","@id":"https:\/\/efip.ctu.edu.vn\/web\/#\/schema\/logo\/image\/","url":"https:\/\/efip.ctu.edu.vn\/web\/wp-content\/uploads\/2025\/05\/efip2-150x89-1.jpg","contentUrl":"https:\/\/efip.ctu.edu.vn\/web\/wp-content\/uploads\/2025\/05\/efip2-150x89-1.jpg","width":150,"height":89,"caption":"EFIP"},"image":{"@id":"https:\/\/efip.ctu.edu.vn\/web\/#\/schema\/logo\/image\/"},"sameAs":["https:\/\/www.facebook.com\/efipCanTho"]}]}},"_links":{"self":[{"href":"https:\/\/efip.ctu.edu.vn\/web\/wp-json\/wp\/v2\/pages\/1994","targetHints":{"allow":["GET"]}}],"collection":[{"href":"https:\/\/efip.ctu.edu.vn\/web\/wp-json\/wp\/v2\/pages"}],"about":[{"href":"https:\/\/efip.ctu.edu.vn\/web\/wp-json\/wp\/v2\/types\/page"}],"author":[{"embeddable":true,"href":"https:\/\/efip.ctu.edu.vn\/web\/wp-json\/wp\/v2\/users\/3"}],"replies":[{"embeddable":true,"href":"https:\/\/efip.ctu.edu.vn\/web\/wp-json\/wp\/v2\/comments?post=1994"}],"version-history":[{"count":16,"href":"https:\/\/efip.ctu.edu.vn\/web\/wp-json\/wp\/v2\/pages\/1994\/revisions"}],"predecessor-version":[{"id":4268,"href":"https:\/\/efip.ctu.edu.vn\/web\/wp-json\/wp\/v2\/pages\/1994\/revisions\/4268"}],"wp:featuredmedia":[{"embeddable":true,"href":"https:\/\/efip.ctu.edu.vn\/web\/wp-json\/wp\/v2\/media\/4267"}],"wp:attachment":[{"href":"https:\/\/efip.ctu.edu.vn\/web\/wp-json\/wp\/v2\/media?parent=1994"}],"curies":[{"name":"wp","href":"https:\/\/api.w.org\/{rel}","templated":true}]}}