{"id":1944,"date":"2020-08-19T11:53:31","date_gmt":"2020-08-19T04:53:31","guid":{"rendered":"https:\/\/efip.ctu.edu.vn\/web\/?page_id=1944"},"modified":"2025-05-02T20:47:35","modified_gmt":"2025-05-02T13:47:35","slug":"ressources-numeriques-gratuites-exerciseurs","status":"publish","type":"page","link":"https:\/\/efip.ctu.edu.vn\/web\/ressources-numeriques-gratuites-exerciseurs\/","title":{"rendered":"Exerciseurs"},"content":{"rendered":"\n<p class=\"has-text-align-right\"><em>Ressources num\u00e9riques gratuites : exerciseurs<\/em><\/p>\n\n\n\n<p>Un exerciseur est un logiciel g\u00e9n\u00e9rateur d&#8217;exercices, de questionnaires, QCM, quizz, ou tests avec en g\u00e9n\u00e9ral une correction pr\u00e9-\u00e9tablies.<\/p>\n\n\n\n<hr class=\"wp-block-separator has-text-color has-vivid-purple-color has-css-opacity has-vivid-purple-background-color has-background is-style-dots\"\/>\n\n\n<div class=\"wp-block-image is-resized\">\n<figure class=\"aligncenter size-full\"><a href=\"https:\/\/efip.ctu.edu.vn\/web\/wp-content\/uploads\/2025\/05\/H5P.png\"><img fetchpriority=\"high\" decoding=\"async\" width=\"683\" height=\"109\" src=\"https:\/\/efip.ctu.edu.vn\/web\/wp-content\/uploads\/2025\/05\/H5P.png\" alt=\"\" class=\"wp-image-4269\" srcset=\"https:\/\/efip.ctu.edu.vn\/web\/wp-content\/uploads\/2025\/05\/H5P.png 683w, https:\/\/efip.ctu.edu.vn\/web\/wp-content\/uploads\/2025\/05\/H5P-300x48.png 300w\" sizes=\"(max-width: 683px) 100vw, 683px\" \/><\/a><\/figure><\/div>\n\n\n<h4 class=\"wp-block-heading has-text-align-center\"><strong>Exerciseur en ligne H5P :&nbsp;<a rel=\"noreferrer noopener\" href=\"https:\/\/h5p.org\" target=\"_blank\">https:\/\/h5p.<\/a><\/strong><a rel=\"noreferrer noopener\" href=\"https:\/\/h5p.org\" target=\"_blank\">org<\/a><\/h4>\n\n\n\n<p>Le site H5P vous permet de cr\u00e9er gratuitement une cinquantaine d&#8217;activit\u00e9s interactives diff\u00e9rentes sur leur site. Vous pouvez ensuite int\u00e9grer ses exercices sur votre plateforme d&#8217;enseignement telle que Canvas, Brightspace, Blackboard, Moodle, mais aussi directement sur votre site Internet (WebPress, Drupal, &#8230;).<\/p>\n\n\n\n<hr class=\"wp-block-separator has-text-color has-vivid-purple-color has-css-opacity has-vivid-purple-background-color has-background is-style-dots\"\/>\n\n\n<div class=\"wp-block-image wp-block-image aligncenter size-full is-resized\">\n<figure class=\"size-medium\"><a href=\"https:\/\/efip.ctu.edu.vn\/web\/wp-content\/uploads\/2025\/05\/eXeLearning.png\"><img decoding=\"async\" width=\"300\" height=\"87\" src=\"https:\/\/efip.ctu.edu.vn\/web\/wp-content\/uploads\/2025\/05\/eXeLearning-300x87.png\" alt=\"\" class=\"wp-image-4270\" srcset=\"https:\/\/efip.ctu.edu.vn\/web\/wp-content\/uploads\/2025\/05\/eXeLearning-300x87.png 300w, https:\/\/efip.ctu.edu.vn\/web\/wp-content\/uploads\/2025\/05\/eXeLearning-768x224.png 768w, https:\/\/efip.ctu.edu.vn\/web\/wp-content\/uploads\/2025\/05\/eXeLearning.png 1023w\" sizes=\"(max-width: 300px) 100vw, 300px\" \/><\/a><\/figure><\/div>\n\n\n<h4 class=\"wp-block-heading has-text-align-center\"><strong>Exerciseur en ligne<\/strong> <strong>eXeLearning : <a rel=\"noreferrer noopener\" href=\"https:\/\/exelearning.net\/en\/\" target=\"_blank\">https:\/\/exelearning.net\/en<\/a><\/strong><\/h4>\n\n\n\n<p><a href=\"http:\/\/exelearning.net\/\">eXeLearning<\/a>&nbsp;est un environnement de cr\u00e9ation de contenus \u00e9ducatifs qui permet de cr\u00e9er notamment des QCM. L&#8217;exportation se fait en HTML ou en SCORM. Avec eXeLearning, les ressources peuvent donc ensuite \u00eatre exploit\u00e9es en local ou publi\u00e9es sur un site Web.<\/p>\n\n\n\n<hr class=\"wp-block-separator has-text-color has-vivid-purple-color has-css-opacity has-vivid-purple-background-color has-background is-style-dots\"\/>\n\n\n<div class=\"wp-block-image is-resized\">\n<figure class=\"aligncenter size-full\"><a href=\"https:\/\/efip.ctu.edu.vn\/web\/wp-content\/uploads\/2025\/05\/Kahoot.png\"><img decoding=\"async\" width=\"755\" height=\"83\" src=\"https:\/\/efip.ctu.edu.vn\/web\/wp-content\/uploads\/2025\/05\/Kahoot.png\" alt=\"\" class=\"wp-image-4272\" srcset=\"https:\/\/efip.ctu.edu.vn\/web\/wp-content\/uploads\/2025\/05\/Kahoot.png 755w, https:\/\/efip.ctu.edu.vn\/web\/wp-content\/uploads\/2025\/05\/Kahoot-300x33.png 300w\" sizes=\"(max-width: 755px) 100vw, 755px\" \/><\/a><\/figure><\/div>\n\n\n<h4 class=\"wp-block-heading has-text-align-center\"><strong>Quiz interactif en ligne Kahoot : <a rel=\"noreferrer noopener\" href=\"https:\/\/kahoot.com\" target=\"_blank\">https:\/\/kahoot.com<\/a><\/strong><\/h4>\n\n\n\n<p>Kahoot dans sa version gratuite transforme vos tests en jeux interactifs pour vos \u00e9l\u00e8ves. Il n\u00e9cessite toutefois une connexion Internet ainsi qu&#8217;un ordinateur, tablette ou t\u00e9l\u00e9phone portable. Pour une utilisation r\u00e9guli\u00e8re, une application a \u00e9t\u00e9 cr\u00e9\u00e9e pour les tablettes et t\u00e9l\u00e9phones portables. Ses principaux d\u00e9fauts sont les nouvelles limitations de la version gratuite : seuls les questions \u00e0 choix multiples \u00e0 une seule bonne r\u00e9ponse et les questions Vrai\/Faux sont accessibles et 8 participants maximum sont autoris\u00e9s \u00e0 acc\u00e9der au quiz en direct. Une version en ligne du quiz cr\u00e9\u00e9 est possible pour une dur\u00e9e limit\u00e9e et accessibles \u00e0 10 joueurs.<\/p>\n\n\n\n<hr class=\"wp-block-separator has-text-color has-cyan-bluish-gray-color has-css-opacity has-cyan-bluish-gray-background-color has-background is-style-dots\"\/>\n\n\n<div class=\"wp-block-image is-resized\">\n<figure class=\"aligncenter size-full\"><a href=\"https:\/\/efip.ctu.edu.vn\/web\/wp-content\/uploads\/2025\/05\/Quizizz.png\"><img loading=\"lazy\" decoding=\"async\" width=\"151\" height=\"68\" src=\"https:\/\/efip.ctu.edu.vn\/web\/wp-content\/uploads\/2025\/05\/Quizizz.png\" alt=\"\" class=\"wp-image-4273\"\/><\/a><\/figure><\/div>\n\n\n<h4 class=\"wp-block-heading has-text-align-center\">Quiz interactif en ligne Quizizz : <a href=\"https:\/\/quizizz.com\/\" target=\"_blank\" rel=\"noreferrer noopener\">https:\/\/quizizz.com\/<\/a><\/h4>\n\n\n\n<p>Quizizz est un outil en ligne qui comme Kahoot vous permet de cr\u00e9er des quiz et des pr\u00e9sentations en ligne int\u00e9grant des sondages ou des quiz. Dans sa version gratuite, 5 sortes de questions peuvent \u00eatre pos\u00e9es (QCM, Cases \u00e0 cocher, texte \u00e0 compl\u00e9ter, sondage, question ouverte) et vous pouvez y ajouter des diapositives de texte. Une fois publi\u00e9, votre quiz peut \u00eatre jou\u00e9 en direct avec vos \u00e9tudiants (connect\u00e9s via leur ordinateur ou leur t\u00e9l\u00e9phone) ou en apprentissage asynchrone pour une dur\u00e9e d\u00e9termin\u00e9e. Le nombre de participants n&#8217;est pas limit\u00e9 dans la version gratuite.<\/p>\n\n\n\n<hr class=\"wp-block-separator has-text-color has-vivid-purple-color has-css-opacity has-vivid-purple-background-color has-background is-style-dots\"\/>\n\n\n<div class=\"wp-block-image is-resized\">\n<figure class=\"aligncenter size-medium\"><a href=\"https:\/\/efip.ctu.edu.vn\/web\/wp-content\/uploads\/2025\/05\/Quizlet.png\"><img loading=\"lazy\" decoding=\"async\" width=\"300\" height=\"94\" src=\"https:\/\/efip.ctu.edu.vn\/web\/wp-content\/uploads\/2025\/05\/Quizlet-300x94.png\" alt=\"\" class=\"wp-image-4274\" srcset=\"https:\/\/efip.ctu.edu.vn\/web\/wp-content\/uploads\/2025\/05\/Quizlet-300x94.png 300w, https:\/\/efip.ctu.edu.vn\/web\/wp-content\/uploads\/2025\/05\/Quizlet-768x241.png 768w, https:\/\/efip.ctu.edu.vn\/web\/wp-content\/uploads\/2025\/05\/Quizlet.png 948w\" sizes=\"(max-width: 300px) 100vw, 300px\" \/><\/a><\/figure><\/div>\n\n\n<h4 class=\"wp-block-heading has-text-align-center\"><strong>Outil de cr\u00e9ation de listes de vocabulaire et quiz en ligne Quizlet : <a rel=\"noreferrer noopener\" href=\"https:\/\/quizlet.com\" target=\"_blank\">https:\/\/quizlet.com<\/a><\/strong><\/h4>\n\n\n\n<p>Dans sa version gratuite, Quizlet permet de cr\u00e9er des quiz et des exercices de m\u00e9morisation (listes de vocabulaire interactif, des cartes m\u00e9moires ou flashcards, &#8230;). Il existe 8 modes d&#8217;apprentissage pour une m\u00eame ressource et les ressources de la communaut\u00e9 sont r\u00e9utilisables.<\/p>\n\n\n\n<hr class=\"wp-block-separator has-text-color has-vivid-purple-color has-css-opacity has-vivid-purple-background-color has-background is-style-dots\"\/>\n\n\n\n<p class=\"has-text-align-left\"><em>Pour d\u2019autres ressources num\u00e9riques gratuites :&nbsp;<a href=\"https:\/\/efip.ctu.edu.vn\/web\/outils-numeriques-libres-ou-gratuits\/\" target=\"_blank\" rel=\"noreferrer noopener\">https:\/\/efip.ctu.edu.vn\/web\/outils-numeriques-libres-ou-gratuits\/<\/a><\/em><\/p>\n\n\n\n<p><\/p>\n","protected":false},"excerpt":{"rendered":"<p>Ressources num\u00e9riques gratuites : exerciseurs Un exerciseur est un logiciel g\u00e9n\u00e9rateur d&#8217;exercices, de questionnaires, QCM, quizz, ou tests avec en &hellip; <br \/><a href=\"https:\/\/efip.ctu.edu.vn\/web\/ressources-numeriques-gratuites-exerciseurs\/\" class=\"more-link\">Continue reading <span class=\"screen-reader-text\">Exerciseurs<\/span><\/a><\/p>\n","protected":false},"author":3,"featured_media":4275,"parent":0,"menu_order":0,"comment_status":"closed","ping_status":"closed","template":"","meta":{"footnotes":""},"class_list":["post-1944","page","type-page","status-publish","has-post-thumbnail","hentry"],"yoast_head":"<!-- This site is optimized with the Yoast SEO plugin v25.0 - https:\/\/yoast.com\/wordpress\/plugins\/seo\/ -->\n<title>Ressources num\u00e9riques gratuites : exerciseurs - EFIP de Can Tho<\/title>\n<meta name=\"description\" content=\"Ressources num\u00e9riques gratuites : Les exerciseurs sont des logiciels g\u00e9n\u00e9rateurs d&#039;exercices, de questionnaires, QCM, quizz, ou tests...\" \/>\n<meta name=\"robots\" content=\"index, follow, max-snippet:-1, max-image-preview:large, max-video-preview:-1\" \/>\n<link rel=\"canonical\" href=\"https:\/\/efip.ctu.edu.vn\/web\/ressources-numeriques-gratuites-exerciseurs\/\" \/>\n<meta property=\"og:locale\" content=\"en_US\" \/>\n<meta property=\"og:type\" content=\"article\" \/>\n<meta property=\"og:title\" content=\"Ressources num\u00e9riques gratuites : exerciseurs - EFIP de Can Tho\" \/>\n<meta property=\"og:description\" content=\"Ressources num\u00e9riques gratuites : Les exerciseurs sont des logiciels g\u00e9n\u00e9rateurs d&#039;exercices, de questionnaires, QCM, quizz, ou tests...\" \/>\n<meta property=\"og:url\" content=\"https:\/\/efip.ctu.edu.vn\/web\/ressources-numeriques-gratuites-exerciseurs\/\" \/>\n<meta property=\"og:site_name\" content=\"EFIP\" \/>\n<meta property=\"article:publisher\" content=\"https:\/\/www.facebook.com\/efipCanTho\" \/>\n<meta property=\"article:modified_time\" content=\"2025-05-02T13:47:35+00:00\" \/>\n<meta property=\"og:image\" content=\"https:\/\/efip.ctu.edu.vn\/web\/wp-content\/uploads\/2020\/08\/annie-spratt-ZsWaYLImZFs-unsplash-scaled.jpg\" \/>\n\t<meta property=\"og:image:width\" content=\"1707\" \/>\n\t<meta property=\"og:image:height\" content=\"2560\" \/>\n\t<meta property=\"og:image:type\" content=\"image\/jpeg\" \/>\n<meta name=\"twitter:card\" content=\"summary_large_image\" \/>\n<meta name=\"twitter:label1\" content=\"Est. reading time\" \/>\n\t<meta name=\"twitter:data1\" content=\"3 minutes\" \/>\n<script type=\"application\/ld+json\" class=\"yoast-schema-graph\">{\"@context\":\"https:\/\/schema.org\",\"@graph\":[{\"@type\":\"WebPage\",\"@id\":\"https:\/\/efip.ctu.edu.vn\/web\/ressources-numeriques-gratuites-exerciseurs\/\",\"url\":\"https:\/\/efip.ctu.edu.vn\/web\/ressources-numeriques-gratuites-exerciseurs\/\",\"name\":\"Ressources num\u00e9riques gratuites : exerciseurs - EFIP de Can Tho\",\"isPartOf\":{\"@id\":\"https:\/\/efip.ctu.edu.vn\/web\/#website\"},\"primaryImageOfPage\":{\"@id\":\"https:\/\/efip.ctu.edu.vn\/web\/ressources-numeriques-gratuites-exerciseurs\/#primaryimage\"},\"image\":{\"@id\":\"https:\/\/efip.ctu.edu.vn\/web\/ressources-numeriques-gratuites-exerciseurs\/#primaryimage\"},\"thumbnailUrl\":\"https:\/\/efip.ctu.edu.vn\/web\/wp-content\/uploads\/2025\/05\/annie-spratt-ZsWaYLImZFs-unsplash-scaled.jpg\",\"datePublished\":\"2020-08-19T04:53:31+00:00\",\"dateModified\":\"2025-05-02T13:47:35+00:00\",\"description\":\"Ressources num\u00e9riques gratuites : Les exerciseurs sont des logiciels g\u00e9n\u00e9rateurs d'exercices, de questionnaires, QCM, quizz, ou tests...\",\"breadcrumb\":{\"@id\":\"https:\/\/efip.ctu.edu.vn\/web\/ressources-numeriques-gratuites-exerciseurs\/#breadcrumb\"},\"inLanguage\":\"en-US\",\"potentialAction\":[{\"@type\":\"ReadAction\",\"target\":[\"https:\/\/efip.ctu.edu.vn\/web\/ressources-numeriques-gratuites-exerciseurs\/\"]}]},{\"@type\":\"ImageObject\",\"inLanguage\":\"en-US\",\"@id\":\"https:\/\/efip.ctu.edu.vn\/web\/ressources-numeriques-gratuites-exerciseurs\/#primaryimage\",\"url\":\"https:\/\/efip.ctu.edu.vn\/web\/wp-content\/uploads\/2025\/05\/annie-spratt-ZsWaYLImZFs-unsplash-scaled.jpg\",\"contentUrl\":\"https:\/\/efip.ctu.edu.vn\/web\/wp-content\/uploads\/2025\/05\/annie-spratt-ZsWaYLImZFs-unsplash-scaled.jpg\",\"width\":1707,\"height\":2560},{\"@type\":\"BreadcrumbList\",\"@id\":\"https:\/\/efip.ctu.edu.vn\/web\/ressources-numeriques-gratuites-exerciseurs\/#breadcrumb\",\"itemListElement\":[{\"@type\":\"ListItem\",\"position\":1,\"name\":\"Accueil\",\"item\":\"https:\/\/efip.ctu.edu.vn\/web\/\"},{\"@type\":\"ListItem\",\"position\":2,\"name\":\"Exerciseurs\"}]},{\"@type\":\"WebSite\",\"@id\":\"https:\/\/efip.ctu.edu.vn\/web\/#website\",\"url\":\"https:\/\/efip.ctu.edu.vn\/web\/\",\"name\":\"EFIP de Can Tho\",\"description\":\"Espace Francophone d&#039;Innovation et de Partenariat\",\"publisher\":{\"@id\":\"https:\/\/efip.ctu.edu.vn\/web\/#organization\"},\"potentialAction\":[{\"@type\":\"SearchAction\",\"target\":{\"@type\":\"EntryPoint\",\"urlTemplate\":\"https:\/\/efip.ctu.edu.vn\/web\/?s={search_term_string}\"},\"query-input\":{\"@type\":\"PropertyValueSpecification\",\"valueRequired\":true,\"valueName\":\"search_term_string\"}}],\"inLanguage\":\"en-US\"},{\"@type\":\"Organization\",\"@id\":\"https:\/\/efip.ctu.edu.vn\/web\/#organization\",\"name\":\"EFIP\",\"url\":\"https:\/\/efip.ctu.edu.vn\/web\/\",\"logo\":{\"@type\":\"ImageObject\",\"inLanguage\":\"en-US\",\"@id\":\"https:\/\/efip.ctu.edu.vn\/web\/#\/schema\/logo\/image\/\",\"url\":\"https:\/\/efip.ctu.edu.vn\/web\/wp-content\/uploads\/2025\/05\/efip2-150x89-1.jpg\",\"contentUrl\":\"https:\/\/efip.ctu.edu.vn\/web\/wp-content\/uploads\/2025\/05\/efip2-150x89-1.jpg\",\"width\":150,\"height\":89,\"caption\":\"EFIP\"},\"image\":{\"@id\":\"https:\/\/efip.ctu.edu.vn\/web\/#\/schema\/logo\/image\/\"},\"sameAs\":[\"https:\/\/www.facebook.com\/efipCanTho\"]}]}<\/script>\n<!-- \/ Yoast SEO plugin. -->","yoast_head_json":{"title":"Ressources num\u00e9riques gratuites : exerciseurs - EFIP de Can Tho","description":"Ressources num\u00e9riques gratuites : Les exerciseurs sont des logiciels g\u00e9n\u00e9rateurs d'exercices, de questionnaires, QCM, quizz, ou tests...","robots":{"index":"index","follow":"follow","max-snippet":"max-snippet:-1","max-image-preview":"max-image-preview:large","max-video-preview":"max-video-preview:-1"},"canonical":"https:\/\/efip.ctu.edu.vn\/web\/ressources-numeriques-gratuites-exerciseurs\/","og_locale":"en_US","og_type":"article","og_title":"Ressources num\u00e9riques gratuites : exerciseurs - EFIP de Can Tho","og_description":"Ressources num\u00e9riques gratuites : Les exerciseurs sont des logiciels g\u00e9n\u00e9rateurs d'exercices, de questionnaires, QCM, quizz, ou tests...","og_url":"https:\/\/efip.ctu.edu.vn\/web\/ressources-numeriques-gratuites-exerciseurs\/","og_site_name":"EFIP","article_publisher":"https:\/\/www.facebook.com\/efipCanTho","article_modified_time":"2025-05-02T13:47:35+00:00","og_image":[{"width":1707,"height":2560,"url":"https:\/\/efip.ctu.edu.vn\/web\/wp-content\/uploads\/2020\/08\/annie-spratt-ZsWaYLImZFs-unsplash-scaled.jpg","type":"image\/jpeg"}],"twitter_card":"summary_large_image","twitter_misc":{"Est. reading time":"3 minutes"},"schema":{"@context":"https:\/\/schema.org","@graph":[{"@type":"WebPage","@id":"https:\/\/efip.ctu.edu.vn\/web\/ressources-numeriques-gratuites-exerciseurs\/","url":"https:\/\/efip.ctu.edu.vn\/web\/ressources-numeriques-gratuites-exerciseurs\/","name":"Ressources num\u00e9riques gratuites : exerciseurs - EFIP de Can Tho","isPartOf":{"@id":"https:\/\/efip.ctu.edu.vn\/web\/#website"},"primaryImageOfPage":{"@id":"https:\/\/efip.ctu.edu.vn\/web\/ressources-numeriques-gratuites-exerciseurs\/#primaryimage"},"image":{"@id":"https:\/\/efip.ctu.edu.vn\/web\/ressources-numeriques-gratuites-exerciseurs\/#primaryimage"},"thumbnailUrl":"https:\/\/efip.ctu.edu.vn\/web\/wp-content\/uploads\/2025\/05\/annie-spratt-ZsWaYLImZFs-unsplash-scaled.jpg","datePublished":"2020-08-19T04:53:31+00:00","dateModified":"2025-05-02T13:47:35+00:00","description":"Ressources num\u00e9riques gratuites : Les exerciseurs sont des logiciels g\u00e9n\u00e9rateurs d'exercices, de questionnaires, QCM, quizz, ou tests...","breadcrumb":{"@id":"https:\/\/efip.ctu.edu.vn\/web\/ressources-numeriques-gratuites-exerciseurs\/#breadcrumb"},"inLanguage":"en-US","potentialAction":[{"@type":"ReadAction","target":["https:\/\/efip.ctu.edu.vn\/web\/ressources-numeriques-gratuites-exerciseurs\/"]}]},{"@type":"ImageObject","inLanguage":"en-US","@id":"https:\/\/efip.ctu.edu.vn\/web\/ressources-numeriques-gratuites-exerciseurs\/#primaryimage","url":"https:\/\/efip.ctu.edu.vn\/web\/wp-content\/uploads\/2025\/05\/annie-spratt-ZsWaYLImZFs-unsplash-scaled.jpg","contentUrl":"https:\/\/efip.ctu.edu.vn\/web\/wp-content\/uploads\/2025\/05\/annie-spratt-ZsWaYLImZFs-unsplash-scaled.jpg","width":1707,"height":2560},{"@type":"BreadcrumbList","@id":"https:\/\/efip.ctu.edu.vn\/web\/ressources-numeriques-gratuites-exerciseurs\/#breadcrumb","itemListElement":[{"@type":"ListItem","position":1,"name":"Accueil","item":"https:\/\/efip.ctu.edu.vn\/web\/"},{"@type":"ListItem","position":2,"name":"Exerciseurs"}]},{"@type":"WebSite","@id":"https:\/\/efip.ctu.edu.vn\/web\/#website","url":"https:\/\/efip.ctu.edu.vn\/web\/","name":"EFIP de Can Tho","description":"Espace Francophone d&#039;Innovation et de Partenariat","publisher":{"@id":"https:\/\/efip.ctu.edu.vn\/web\/#organization"},"potentialAction":[{"@type":"SearchAction","target":{"@type":"EntryPoint","urlTemplate":"https:\/\/efip.ctu.edu.vn\/web\/?s={search_term_string}"},"query-input":{"@type":"PropertyValueSpecification","valueRequired":true,"valueName":"search_term_string"}}],"inLanguage":"en-US"},{"@type":"Organization","@id":"https:\/\/efip.ctu.edu.vn\/web\/#organization","name":"EFIP","url":"https:\/\/efip.ctu.edu.vn\/web\/","logo":{"@type":"ImageObject","inLanguage":"en-US","@id":"https:\/\/efip.ctu.edu.vn\/web\/#\/schema\/logo\/image\/","url":"https:\/\/efip.ctu.edu.vn\/web\/wp-content\/uploads\/2025\/05\/efip2-150x89-1.jpg","contentUrl":"https:\/\/efip.ctu.edu.vn\/web\/wp-content\/uploads\/2025\/05\/efip2-150x89-1.jpg","width":150,"height":89,"caption":"EFIP"},"image":{"@id":"https:\/\/efip.ctu.edu.vn\/web\/#\/schema\/logo\/image\/"},"sameAs":["https:\/\/www.facebook.com\/efipCanTho"]}]}},"_links":{"self":[{"href":"https:\/\/efip.ctu.edu.vn\/web\/wp-json\/wp\/v2\/pages\/1944","targetHints":{"allow":["GET"]}}],"collection":[{"href":"https:\/\/efip.ctu.edu.vn\/web\/wp-json\/wp\/v2\/pages"}],"about":[{"href":"https:\/\/efip.ctu.edu.vn\/web\/wp-json\/wp\/v2\/types\/page"}],"author":[{"embeddable":true,"href":"https:\/\/efip.ctu.edu.vn\/web\/wp-json\/wp\/v2\/users\/3"}],"replies":[{"embeddable":true,"href":"https:\/\/efip.ctu.edu.vn\/web\/wp-json\/wp\/v2\/comments?post=1944"}],"version-history":[{"count":9,"href":"https:\/\/efip.ctu.edu.vn\/web\/wp-json\/wp\/v2\/pages\/1944\/revisions"}],"predecessor-version":[{"id":4303,"href":"https:\/\/efip.ctu.edu.vn\/web\/wp-json\/wp\/v2\/pages\/1944\/revisions\/4303"}],"wp:featuredmedia":[{"embeddable":true,"href":"https:\/\/efip.ctu.edu.vn\/web\/wp-json\/wp\/v2\/media\/4275"}],"wp:attachment":[{"href":"https:\/\/efip.ctu.edu.vn\/web\/wp-json\/wp\/v2\/media?parent=1944"}],"curies":[{"name":"wp","href":"https:\/\/api.w.org\/{rel}","templated":true}]}}