{"id":1146,"date":"2020-05-25T08:36:02","date_gmt":"2020-05-25T01:36:02","guid":{"rendered":"https:\/\/efip.ctu.edu.vn\/web\/?page_id=1146"},"modified":"2020-07-03T20:38:00","modified_gmt":"2020-07-03T13:38:00","slug":"mang-luoi-cnf","status":"publish","type":"page","link":"https:\/\/efip.ctu.edu.vn\/web\/mang-luoi-cnf\/","title":{"rendered":"M\u1ea1ng l\u01b0\u1edbi CNF"},"content":{"rendered":"\n<p><em>M\u1ea1ng l\u01b0\u1edbi c\u00e1c Trung t\u00e2m k\u1ef9 thu\u1eadt h\u1ed7 tr\u1ee3 \u0111\u00e0o t\u1ea1o (CNF) \u0111\u01b0\u1ee3c th\u00e0nh l\u1eadp b\u1edfi T\u1ed5 ch\u1ee9c \u0110\u1ea1i h\u1ecdc Ph\u00e1p ng\u1eef (AUF), c\u00e1c v\u0103n ph\u00f2ng c\u1ee7a Trung t\u00e2m \u0111\u01b0\u1ee3c \u0111\u1eb7t t\u1ea1i c\u00e1c tr\u01b0\u1eddng \u0110\u1ea1i h\u1ecdc th\u00e0nh vi\u00ean nh\u1eb1m x\u00fac ti\u1ebfn cho vi\u1ec7c s\u1eed d\u1ee5ng c\u00f4ng ngh\u1ec7 th\u00f4ng tin v\u00e0 truy\u1ec1n th\u00f4ng trong vi\u1ec7c gi\u1ea3ng d\u1ea1y \u1edf b\u1eadc \u0111\u1ea1i h\u1ecdc. \u0110\u00e2y l\u00e0 m\u1ed9t trung t\u00e2m chuy\u00ean h\u1ed7 tr\u1ee3 tri\u1ec3n khai c\u00e1c d\u1ef1 \u00e1n h\u1ee3p t\u00e1c gi\u00e1o d\u1ee5c (\u0111\u00e0o t\u1ea1o, nghi\u00ean c\u1ee9u, qu\u1ea3n tr\u1ecb, \u0111\u1ed5i m\u1edbi) \u1edf c\u00e1c tr\u01b0\u1eddng \u0111\u1ea1i h\u1ecdc th\u00e0nh vi\u00ean trong l\u0129nh v\u1ef1c c\u00f4ng t\u00e1c t\u00e0i li\u1ec7u, c\u00f4ng ngh\u1ec7 th\u00f4ng tin v\u00e0 c\u00f4ng t\u00e1c \u0111\u00e0o t\u1ea1o. C\u00e1c Trung t\u00e2m k\u1ef9 thu\u1eadt h\u1ed7 tr\u1ee3 \u0111\u00e0o t\u1ea1o (CNF) \u0111\u01b0\u1ee3c x\u00e2y d\u1ef1ng \u0111\u1ec3 \u1ee7ng h\u1ed9 cho s\u1ef1 ph\u00e1t tri\u1ec3n s\u1eed d\u1ee5ng c\u00f4ng ngh\u1ec7 th\u00f4ng tin v\u00e0 truy\u1ec1n th\u00f4ng \u1edf c\u00e1c tr\u01b0\u1eddng \u0111\u1ea1i h\u1ecdc ph\u00eda Nam.<\/em><\/p>\n\n\n\n<figure class=\"wp-block-embed-dailymotion wp-block-embed is-type-video is-provider-dailymotion wp-embed-aspect-16-9 wp-has-aspect-ratio\"><div class=\"wp-block-embed__wrapper\">\nhttps:\/\/www.dailymotion.com\/video\/xmklf5\n<\/div><\/figure>\n\n\n\n<p class=\"has-text-align-center\"><a rel=\"noreferrer noopener\" href=\"https:\/\/www.dailymotion.com\/video\/xmklf5\" target=\"_blank\">Trung t\u00e2m k\u1ef9 thu\u1eadt h\u1ed7 tr\u1ee3 \u0111\u00e0o t\u1ea1o<\/a><\/p>\n\n\n\n<p>C\u00e1c Trung t\u00e2m k\u1ef9 thu\u1eadt h\u1ed7 tr\u1ee3 \u0111\u00e0o t\u1ea1o (CNF) \u0111\u01b0\u1ee3c x\u00e2y d\u1ef1ng bao g\u1ed3m ph\u00f2ng \u0111\u00e0o t\u1ea1o, kh\u00f4ng gian, khu v\u1ef1c c\u00f3 quy\u1ec1n truy c\u1eadp mi\u1ec5n ph\u00ed cung c\u1ea5p ngu\u1ed3n nh\u00e2n l\u1ef1c, k\u1ef9 thu\u1eadt v\u00e0 t\u00e0i li\u1ec7u: c\u01a1 s\u1edf d\u1eef li\u1ec7u, ngu\u1ed3n t\u00e0i li\u1ec7u, t\u1ea1p ch\u00ed \u0111i\u1ec7n t\u1eed, h\u1ed7 tr\u1ee3 s\u1ea3n xu\u1ea5t n\u1ed9i dung gi\u00e1o d\u1ee5c, truy c\u1eadp Internet, d\u1ee5ng c\u1ee5 ph\u1ee5c v\u1ee5 cho h\u1ed9i ngh\u1ecb truy\u1ec1n h\u00ecnh,&#8230;<\/p>\n\n\n\n<p>CNF cung c\u1ea5p nhi\u1ec1u lo\u1ea1i h\u00ecnh \u0111\u00e0o t\u1ea1o kh\u00e1c nhau: \u0111\u00e0o t\u1ea1o t\u1eeb xa; t\u1ef1 h\u1ecdc; chuy\u1ec3n giao \u0111\u00e0o t\u1ea1o (gi\u00e1o d\u1ee5c th\u01b0\u1eddng xuy\u00ean); \u0111\u00e0o t\u1ea1o v\u1ec1 ph\u1ea7n m\u1ec1m mi\u1ec5n ph\u00ed, m\u1ed9t s\u1ed1 trung t\u00e2m CNF l\u00e0 trung t\u00e2m tham chi\u1ebfu cho ph\u1ea7n m\u1ec1m n\u00e0y, \u2026<\/p>\n\n\n\n<p>S\u1ef1 ph\u00e1t tri\u1ec3n c\u1ee7a CNF l\u00e0 m\u1ed9t \u0111i\u1ec3m thi\u1ebft y\u1ebfu c\u1ee7a ch\u00ednh s\u00e1ch AUF trong 30 n\u0103m:<\/p>\n\n\n\n<p>&#8220;T\u1eeb n\u0103m 1991, AUF \u0111\u00e3 theo \u0111u\u1ed5i ch\u00ednh s\u00e1ch ph\u00e1t tri\u1ec3n k\u1ef9 thu\u1eadt s\u1ed1 cho vi\u1ec7c gi\u1ea3ng d\u1ea1y b\u1eadc \u0111\u1ea1i h\u1ecdc, gi\u00e1o d\u1ee5c, \u0111\u00e0o t\u1ea1o v\u00e0 nghi\u00ean c\u1ee9u v\u00e0 tri\u1ec3n khai m\u1ed9t m\u1ea1ng l\u01b0\u1edbi c\u00e1c Trung t\u00e2m k\u1ef9 thu\u1eadt h\u1ed7 tr\u1ee3 \u0111\u00e0o t\u1ea1o (CNF). CNF c\u00f2n cung c\u1ea5p cho sinh vi\u00ean, gi\u00e1o vi\u00ean v\u00e0 nh\u00e0 nghi\u00ean c\u1ee9u c\u01a1 h\u1ed9i \u0111\u00e0o t\u1ea1o t\u1eeb xa, truy c\u1eadp th\u00f4ng tin khoa h\u1ecdc v\u00e0 k\u1ef9 thu\u1eadt, nh\u01b0ng c\u0169ng \u0111\u1ec3 s\u1ea3n xu\u1ea5t v\u00e0 chia s\u1ebb ki\u1ebfn \u200b\u200bth\u1ee9c. ((AUF, B\u00e1o c\u00e1o 2009-2013: Nh\u1eefng \u0111i\u1ec3m n\u1ed5i b\u1eadt k\u1ec3 t\u1eeb n\u0103m 2009, trang 21)<\/p>\n\n\n\n<p>36 Trung t\u00e2m k\u1ef9 thu\u1eadt h\u1ed7 tr\u1ee3 \u0111\u00e0o t\u1ea1o (CNF) n\u1eb1m \u1edf 8 khu v\u1ef1c \u0111ang ho\u1ea1t \u0111\u1ed9ng: Trung Phi v\u00e0 Ng\u0169 \u0110\u1ea1i H\u1ed3, T\u00e2y Phi, Ch\u00e2u \u00c1 &#8211; Th\u00e1i B\u00ecnh D\u01b0\u01a1ng, Caribbean, Trung v\u00e0 \u0110\u00f4ng \u00c2u, Maghreb, Trung \u0110\u00f4ng, \u1ea4n \u0110\u1ed9 D\u01b0\u01a1ng. (<a rel=\"noreferrer noopener\" href=\"https:\/\/www.auf.org\/lauf-dans-le-monde\/nos-implantations\/?type{5cef8cb26ec0cf0cbc2bf93f1561460fb5a03d2eaee977874fea98e9d15bcda9}255B0{5cef8cb26ec0cf0cbc2bf93f1561460fb5a03d2eaee977874fea98e9d15bcda9}255D=Campus+num{5cef8cb26ec0cf0cbc2bf93f1561460fb5a03d2eaee977874fea98e9d15bcda9}25C3{5cef8cb26ec0cf0cbc2bf93f1561460fb5a03d2eaee977874fea98e9d15bcda9}25A9rique+francophone\" target=\"_blank\">xem danh s\u00e1ch c\u00e1c \u0111\u1ecba \u0111i\u1ec3m<\/a>).<\/p>\n\n\n\n<p class=\"has-text-align-right\"><strong>Truy c\u1eadp v\u00e0o trang sau \u0111\u1ec3 bi\u1ebft th\u00eam th\u00f4ng tin&nbsp; :<\/strong>&nbsp;<a href=\"https:\/\/www.auf.org\/lauf-dans-le-monde\/types-dimplantations\/\">https:\/\/www.auf.org\/lauf-dans-le-monde\/types-dimplantations\/<\/a><\/p>\n\n\n\n<p class=\"has-text-align-right\"><em>\u0110\u01b0\u1ee3c c\u1eadp nh\u1eadt ng\u00e0y 13 th\u00e1ng 8 n\u0103m 2019<\/em><\/p>\n","protected":false},"excerpt":{"rendered":"<p>M\u1ea1ng l\u01b0\u1edbi c\u00e1c Trung t\u00e2m k\u1ef9 thu\u1eadt h\u1ed7 tr\u1ee3 \u0111\u00e0o t\u1ea1o (CNF) \u0111\u01b0\u1ee3c th\u00e0nh l\u1eadp b\u1edfi T\u1ed5 ch\u1ee9c \u0110\u1ea1i h\u1ecdc &hellip; <br \/><a href=\"https:\/\/efip.ctu.edu.vn\/web\/mang-luoi-cnf\/\" class=\"more-link\">Continue reading <span class=\"screen-reader-text\">M\u1ea1ng l\u01b0\u1edbi CNF<\/span><\/a><\/p>\n","protected":false},"author":3,"featured_media":0,"parent":0,"menu_order":3,"comment_status":"closed","ping_status":"closed","template":"","meta":{"footnotes":""},"class_list":["post-1146","page","type-page","status-publish","hentry"],"yoast_head":"<!-- This site is optimized with the Yoast SEO plugin v25.0 - https:\/\/yoast.com\/wordpress\/plugins\/seo\/ -->\n<title>M\u1ea1ng l\u01b0\u1edbi CNF - EFIP<\/title>\n<meta name=\"robots\" content=\"index, follow, max-snippet:-1, max-image-preview:large, max-video-preview:-1\" \/>\n<link rel=\"canonical\" href=\"https:\/\/efip.ctu.edu.vn\/web\/vi\/mang-luoi-cnf\/\" \/>\n<meta property=\"og:locale\" content=\"en_US\" \/>\n<meta property=\"og:type\" content=\"article\" \/>\n<meta property=\"og:title\" content=\"M\u1ea1ng l\u01b0\u1edbi CNF - EFIP\" \/>\n<meta property=\"og:description\" content=\"M\u1ea1ng l\u01b0\u1edbi c\u00e1c Trung t\u00e2m k\u1ef9 thu\u1eadt h\u1ed7 tr\u1ee3 \u0111\u00e0o t\u1ea1o (CNF) \u0111\u01b0\u1ee3c th\u00e0nh l\u1eadp b\u1edfi T\u1ed5 ch\u1ee9c \u0110\u1ea1i h\u1ecdc &hellip; Continue reading M\u1ea1ng l\u01b0\u1edbi CNF\" \/>\n<meta property=\"og:url\" content=\"https:\/\/efip.ctu.edu.vn\/web\/vi\/mang-luoi-cnf\/\" \/>\n<meta property=\"og:site_name\" content=\"EFIP\" \/>\n<meta property=\"article:publisher\" content=\"https:\/\/www.facebook.com\/efipCanTho\" \/>\n<meta property=\"article:modified_time\" content=\"2020-07-03T13:38:00+00:00\" \/>\n<meta property=\"og:image\" content=\"https:\/\/efip.ctu.edu.vn\/web\/wp-content\/uploads\/2020\/05\/EFIP-512x512-1.png\" \/>\n\t<meta property=\"og:image:width\" content=\"512\" \/>\n\t<meta property=\"og:image:height\" content=\"512\" \/>\n\t<meta property=\"og:image:type\" content=\"image\/png\" \/>\n<meta name=\"twitter:card\" content=\"summary_large_image\" \/>\n<meta name=\"twitter:label1\" content=\"Est. reading time\" \/>\n\t<meta name=\"twitter:data1\" content=\"3 minutes\" \/>\n<script type=\"application\/ld+json\" class=\"yoast-schema-graph\">{\"@context\":\"https:\/\/schema.org\",\"@graph\":[{\"@type\":\"WebPage\",\"@id\":\"https:\/\/efip.ctu.edu.vn\/web\/vi\/mang-luoi-cnf\/\",\"url\":\"https:\/\/efip.ctu.edu.vn\/web\/vi\/mang-luoi-cnf\/\",\"name\":\"M\u1ea1ng l\u01b0\u1edbi CNF - EFIP\",\"isPartOf\":{\"@id\":\"https:\/\/efip.ctu.edu.vn\/web\/#website\"},\"datePublished\":\"2020-05-25T01:36:02+00:00\",\"dateModified\":\"2020-07-03T13:38:00+00:00\",\"breadcrumb\":{\"@id\":\"https:\/\/efip.ctu.edu.vn\/web\/vi\/mang-luoi-cnf\/#breadcrumb\"},\"inLanguage\":\"en-US\",\"potentialAction\":[{\"@type\":\"ReadAction\",\"target\":[\"https:\/\/efip.ctu.edu.vn\/web\/vi\/mang-luoi-cnf\/\"]}]},{\"@type\":\"BreadcrumbList\",\"@id\":\"https:\/\/efip.ctu.edu.vn\/web\/vi\/mang-luoi-cnf\/#breadcrumb\",\"itemListElement\":[{\"@type\":\"ListItem\",\"position\":1,\"name\":\"Accueil\",\"item\":\"https:\/\/efip.ctu.edu.vn\/web\/\"},{\"@type\":\"ListItem\",\"position\":2,\"name\":\"M\u1ea1ng l\u01b0\u1edbi CNF\"}]},{\"@type\":\"WebSite\",\"@id\":\"https:\/\/efip.ctu.edu.vn\/web\/#website\",\"url\":\"https:\/\/efip.ctu.edu.vn\/web\/\",\"name\":\"EFIP de Can Tho\",\"description\":\"Espace Francophone d&#039;Innovation et de Partenariat\",\"publisher\":{\"@id\":\"https:\/\/efip.ctu.edu.vn\/web\/#organization\"},\"potentialAction\":[{\"@type\":\"SearchAction\",\"target\":{\"@type\":\"EntryPoint\",\"urlTemplate\":\"https:\/\/efip.ctu.edu.vn\/web\/?s={search_term_string}\"},\"query-input\":{\"@type\":\"PropertyValueSpecification\",\"valueRequired\":true,\"valueName\":\"search_term_string\"}}],\"inLanguage\":\"en-US\"},{\"@type\":\"Organization\",\"@id\":\"https:\/\/efip.ctu.edu.vn\/web\/#organization\",\"name\":\"EFIP\",\"url\":\"https:\/\/efip.ctu.edu.vn\/web\/\",\"logo\":{\"@type\":\"ImageObject\",\"inLanguage\":\"en-US\",\"@id\":\"https:\/\/efip.ctu.edu.vn\/web\/#\/schema\/logo\/image\/\",\"url\":\"https:\/\/efip.ctu.edu.vn\/web\/wp-content\/uploads\/2025\/05\/efip2-150x89-1.jpg\",\"contentUrl\":\"https:\/\/efip.ctu.edu.vn\/web\/wp-content\/uploads\/2025\/05\/efip2-150x89-1.jpg\",\"width\":150,\"height\":89,\"caption\":\"EFIP\"},\"image\":{\"@id\":\"https:\/\/efip.ctu.edu.vn\/web\/#\/schema\/logo\/image\/\"},\"sameAs\":[\"https:\/\/www.facebook.com\/efipCanTho\"]}]}<\/script>\n<!-- \/ Yoast SEO plugin. -->","yoast_head_json":{"title":"M\u1ea1ng l\u01b0\u1edbi CNF - EFIP","robots":{"index":"index","follow":"follow","max-snippet":"max-snippet:-1","max-image-preview":"max-image-preview:large","max-video-preview":"max-video-preview:-1"},"canonical":"https:\/\/efip.ctu.edu.vn\/web\/vi\/mang-luoi-cnf\/","og_locale":"en_US","og_type":"article","og_title":"M\u1ea1ng l\u01b0\u1edbi CNF - EFIP","og_description":"M\u1ea1ng l\u01b0\u1edbi c\u00e1c Trung t\u00e2m k\u1ef9 thu\u1eadt h\u1ed7 tr\u1ee3 \u0111\u00e0o t\u1ea1o (CNF) \u0111\u01b0\u1ee3c th\u00e0nh l\u1eadp b\u1edfi T\u1ed5 ch\u1ee9c \u0110\u1ea1i h\u1ecdc &hellip; Continue reading M\u1ea1ng l\u01b0\u1edbi CNF","og_url":"https:\/\/efip.ctu.edu.vn\/web\/vi\/mang-luoi-cnf\/","og_site_name":"EFIP","article_publisher":"https:\/\/www.facebook.com\/efipCanTho","article_modified_time":"2020-07-03T13:38:00+00:00","og_image":[{"width":512,"height":512,"url":"https:\/\/efip.ctu.edu.vn\/web\/wp-content\/uploads\/2020\/05\/EFIP-512x512-1.png","type":"image\/png"}],"twitter_card":"summary_large_image","twitter_misc":{"Est. reading time":"3 minutes"},"schema":{"@context":"https:\/\/schema.org","@graph":[{"@type":"WebPage","@id":"https:\/\/efip.ctu.edu.vn\/web\/vi\/mang-luoi-cnf\/","url":"https:\/\/efip.ctu.edu.vn\/web\/vi\/mang-luoi-cnf\/","name":"M\u1ea1ng l\u01b0\u1edbi CNF - EFIP","isPartOf":{"@id":"https:\/\/efip.ctu.edu.vn\/web\/#website"},"datePublished":"2020-05-25T01:36:02+00:00","dateModified":"2020-07-03T13:38:00+00:00","breadcrumb":{"@id":"https:\/\/efip.ctu.edu.vn\/web\/vi\/mang-luoi-cnf\/#breadcrumb"},"inLanguage":"en-US","potentialAction":[{"@type":"ReadAction","target":["https:\/\/efip.ctu.edu.vn\/web\/vi\/mang-luoi-cnf\/"]}]},{"@type":"BreadcrumbList","@id":"https:\/\/efip.ctu.edu.vn\/web\/vi\/mang-luoi-cnf\/#breadcrumb","itemListElement":[{"@type":"ListItem","position":1,"name":"Accueil","item":"https:\/\/efip.ctu.edu.vn\/web\/"},{"@type":"ListItem","position":2,"name":"M\u1ea1ng l\u01b0\u1edbi CNF"}]},{"@type":"WebSite","@id":"https:\/\/efip.ctu.edu.vn\/web\/#website","url":"https:\/\/efip.ctu.edu.vn\/web\/","name":"EFIP de Can Tho","description":"Espace Francophone d&#039;Innovation et de Partenariat","publisher":{"@id":"https:\/\/efip.ctu.edu.vn\/web\/#organization"},"potentialAction":[{"@type":"SearchAction","target":{"@type":"EntryPoint","urlTemplate":"https:\/\/efip.ctu.edu.vn\/web\/?s={search_term_string}"},"query-input":{"@type":"PropertyValueSpecification","valueRequired":true,"valueName":"search_term_string"}}],"inLanguage":"en-US"},{"@type":"Organization","@id":"https:\/\/efip.ctu.edu.vn\/web\/#organization","name":"EFIP","url":"https:\/\/efip.ctu.edu.vn\/web\/","logo":{"@type":"ImageObject","inLanguage":"en-US","@id":"https:\/\/efip.ctu.edu.vn\/web\/#\/schema\/logo\/image\/","url":"https:\/\/efip.ctu.edu.vn\/web\/wp-content\/uploads\/2025\/05\/efip2-150x89-1.jpg","contentUrl":"https:\/\/efip.ctu.edu.vn\/web\/wp-content\/uploads\/2025\/05\/efip2-150x89-1.jpg","width":150,"height":89,"caption":"EFIP"},"image":{"@id":"https:\/\/efip.ctu.edu.vn\/web\/#\/schema\/logo\/image\/"},"sameAs":["https:\/\/www.facebook.com\/efipCanTho"]}]}},"_links":{"self":[{"href":"https:\/\/efip.ctu.edu.vn\/web\/wp-json\/wp\/v2\/pages\/1146","targetHints":{"allow":["GET"]}}],"collection":[{"href":"https:\/\/efip.ctu.edu.vn\/web\/wp-json\/wp\/v2\/pages"}],"about":[{"href":"https:\/\/efip.ctu.edu.vn\/web\/wp-json\/wp\/v2\/types\/page"}],"author":[{"embeddable":true,"href":"https:\/\/efip.ctu.edu.vn\/web\/wp-json\/wp\/v2\/users\/3"}],"replies":[{"embeddable":true,"href":"https:\/\/efip.ctu.edu.vn\/web\/wp-json\/wp\/v2\/comments?post=1146"}],"version-history":[{"count":3,"href":"https:\/\/efip.ctu.edu.vn\/web\/wp-json\/wp\/v2\/pages\/1146\/revisions"}],"predecessor-version":[{"id":1153,"href":"https:\/\/efip.ctu.edu.vn\/web\/wp-json\/wp\/v2\/pages\/1146\/revisions\/1153"}],"wp:attachment":[{"href":"https:\/\/efip.ctu.edu.vn\/web\/wp-json\/wp\/v2\/media?parent=1146"}],"curies":[{"name":"wp","href":"https:\/\/api.w.org\/{rel}","templated":true}]}}